Last updated on 2022-06-30 01:49:12 CEST.
Flavor | Version | Tinstall | Tcheck | Ttotal | Status | Flags |
---|---|---|---|---|---|---|
r-devel-linux-x86_64-debian-clang | 0.0.1 | 7.74 | 110.51 | 118.25 | OK | |
r-devel-linux-x86_64-debian-gcc | 0.0.1 | 6.46 | 80.23 | 86.69 | OK | |
r-devel-linux-x86_64-fedora-clang | 0.0.1 | 144.98 | NOTE | |||
r-devel-linux-x86_64-fedora-gcc | 0.0.1 | 141.40 | NOTE | |||
r-devel-windows-x86_64 | 0.0.1 | 14.00 | 124.00 | 138.00 | OK | |
r-patched-linux-x86_64 | 0.0.1 | 7.69 | 102.60 | 110.29 | OK | |
r-release-linux-x86_64 | 0.0.1 | 8.25 | 101.43 | 109.68 | OK | |
r-release-macos-arm64 | 0.0.1 | 35.00 | NOTE | |||
r-release-macos-x86_64 | 0.0.1 | 66.00 | NOTE | |||
r-release-windows-x86_64 | 0.0.1 | 16.00 | 119.00 | 135.00 | OK | |
r-oldrel-macos-arm64 | 0.0.1 | 36.00 | NOTE | |||
r-oldrel-macos-x86_64 | 0.0.1 | 56.00 | NOTE | |||
r-oldrel-windows-ix86+x86_64 | 0.0.1 | 20.00 | 127.00 | 147.00 | OK |
Version: 0.0.1
Check: dependencies in R code
Result: NOTE
Namespaces in Imports field not imported from:
‘dplyr’ ‘raster’
All declared Imports should be used.
Flavors: r-devel-linux-x86_64-fedora-clang, r-devel-linux-x86_64-fedora-gcc, r-release-macos-arm64, r-release-macos-x86_64, r-oldrel-macos-arm64, r-oldrel-macos-x86_64