Last updated on 2023-03-20 12:51:13 CET.
Flavor | Version | Tinstall | Tcheck | Ttotal | Status | Flags |
---|---|---|---|---|---|---|
r-devel-linux-x86_64-debian-clang | 1.2.1 | OK | ||||
r-devel-linux-x86_64-debian-gcc | 1.2.1 | 49.25 | 32.10 | 81.35 | OK | |
r-devel-linux-x86_64-fedora-clang | 1.2.1 | 163.12 | OK | |||
r-devel-linux-x86_64-fedora-gcc | 1.2.1 | 139.46 | OK | |||
r-patched-linux-x86_64 | 1.2.1 | 54.30 | 39.66 | 93.96 | OK | |
r-release-linux-x86_64 | 1.2.1 | 53.85 | 40.57 | 94.42 | OK | |
r-release-macos-arm64 | 1.2.1 | 49.00 | NOTE | |||
r-release-macos-x86_64 | 1.2.1 | 54.00 | NOTE | |||
r-release-windows-x86_64 | 1.2.1 | 106.00 | 100.00 | 206.00 | OK | |
r-oldrel-macos-arm64 | 1.2.1 | 56.00 | NOTE | |||
r-oldrel-macos-x86_64 | 1.2.1 | 56.00 | NOTE | |||
r-oldrel-windows-ix86+x86_64 | 1.2.1 | 132.00 | 106.00 | 238.00 | ERROR |
Version: 1.2.1
Check: installed package size
Result: NOTE
installed size is 15.4Mb
sub-directories of 1Mb or more:
libs 15.2Mb
Flavors: r-release-macos-arm64, r-release-macos-x86_64, r-oldrel-macos-arm64, r-oldrel-macos-x86_64
Version: 1.2.1
Check: running examples for arch ‘i386’
Result: ERROR
Running examples in 'lazyNumbers-Ex.R' failed
The error most likely occurred in:
> ### Name: lazyVector
> ### Title: Lazy vector
> ### Aliases: lazyVector as.lazyVector as.lazyNumber lazyvec lazynb
>
> ### ** Examples
>
> library(lazyNumbers)
> x <- lazynb(1) - lazynb(7) * lazynb(0.1)
> as.double(x)
[1] 0.3
> # shorter:
> x <- 1 - lazynb(7) * 0.1
>
>
>
> ### * <FOOTER>
> ###
> cleanEx()
> options(digits = 7L)
> base::cat("Time elapsed: ", proc.time() - base::get("ptime", pos = 'CheckExEnv'),"\n")
Time elapsed: 1.15 0 1.17 NA NA
> grDevices::dev.off()
null device
1
> ###
> ### Local variables: ***
> ### mode: outline-minor ***
> ### outline-regexp: "\\(> \\)?### [*]+" ***
> ### End: ***
> quit('no')
Flavor: r-oldrel-windows-ix86+x86_64