CRAN Package Check Results for Package lcmm

Last updated on 2022-01-24 14:54:22 CET.

Flavor Version Tinstall Tcheck Ttotal Status Flags
r-devel-linux-x86_64-debian-clang 1.9.4 138.78 469.47 608.25 OK
r-devel-linux-x86_64-debian-gcc 1.9.4 122.83 320.68 443.51 OK
r-devel-linux-x86_64-fedora-clang 1.9.4 760.39 NOTE
r-devel-linux-x86_64-fedora-gcc 1.9.4 752.95 OK
r-devel-windows-x86_64-new-UL 1.9.4 165.00 508.00 673.00 OK
r-devel-windows-x86_64-new-TK 1.9.4 WARN
r-patched-linux-x86_64 1.9.4 128.95 469.09 598.04 OK
r-release-linux-x86_64 1.9.4 130.90 470.61 601.51 OK
r-release-macos-arm64 1.9.4 NOTE
r-release-macos-x86_64 1.9.4 NOTE
r-release-windows-ix86+x86_64 1.9.4 296.00 612.00 908.00 NOTE
r-oldrel-macos-x86_64 1.9.3 OK
r-oldrel-windows-ix86+x86_64 1.9.4 291.00 605.00 896.00 NOTE

Additional issues

LTO

Check Details

Version: 1.9.4
Check: installed package size
Result: NOTE
     installed size is 6.1Mb
     sub-directories of 1Mb or more:
     R 1.3Mb
     doc 1.8Mb
     libs 2.6Mb
Flavors: r-devel-linux-x86_64-fedora-clang, r-release-macos-arm64, r-release-macos-x86_64, r-release-windows-ix86+x86_64, r-oldrel-windows-ix86+x86_64

Version: 1.9.4
Check: package dependencies
Result: NOTE
    Package suggested but not available for checking: 'ggpubr'
Flavor: r-devel-windows-x86_64-new-TK

Version: 1.9.4
Check: re-building of vignette outputs
Result: WARN
    Error(s) in re-building vignettes:
    --- re-building 'dynamicIRT_with_multlcmm.Rmd' using rmarkdown
    Loading required package: survival
    Loading required package: parallel
    Loading required package: mvtnorm
    Loading required package: randtoolbox
    Loading required package: rngWELL
    This is randtoolbox. For an overview, type 'help("randtoolbox")'.
    
    Attaching package: 'lcmm'
    
    The following object is masked from 'package:randtoolbox':
    
     permut
    
    Quitting from lines 31-37 (dynamicIRT_with_multlcmm.Rmd)
    Error: processing vignette 'dynamicIRT_with_multlcmm.Rmd' failed with diagnostics:
    there is no package called 'ggpubr'
    --- failed re-building 'dynamicIRT_with_multlcmm.Rmd'
    
    --- re-building 'introduction.Rmd' using rmarkdown
    --- finished re-building 'introduction.Rmd'
    
    --- re-building 'latent_class_model_with_hlme.Rmd' using rmarkdown
    --- finished re-building 'latent_class_model_with_hlme.Rmd'
    
    --- re-building 'latent_process_model_with_lcmm.Rmd' using rmarkdown
    --- finished re-building 'latent_process_model_with_lcmm.Rmd'
    
    --- re-building 'latent_process_model_with_multlcmm.Rmd' using rmarkdown
    --- finished re-building 'latent_process_model_with_multlcmm.Rmd'
    
    --- re-building 'pre_normalizing.Rmd' using rmarkdown
    --- finished re-building 'pre_normalizing.Rmd'
    
    --- re-building 'usual_problems.Rmd' using rmarkdown
    --- finished re-building 'usual_problems.Rmd'
    
    SUMMARY: processing the following file failed:
     'dynamicIRT_with_multlcmm.Rmd'
    
    Error: Vignette re-building failed.
    Execution halted
Flavor: r-devel-windows-x86_64-new-TK