CRAN Package Check Results for Package lcsm

Last updated on 2022-05-18 13:53:32 CEST.

Flavor Version Tinstall Tcheck Ttotal Status Flags
r-devel-linux-x86_64-debian-clang 0.1.2 5.23 107.34 112.57 OK
r-devel-linux-x86_64-debian-gcc 0.1.2 3.33 78.93 82.26 OK
r-devel-linux-x86_64-fedora-clang 0.1.2 132.57 NOTE
r-devel-linux-x86_64-fedora-gcc 0.1.2 134.31 NOTE
r-devel-windows-x86_64 0.1.2 24.00 130.00 154.00 OK
r-patched-linux-x86_64 0.1.2 4.48 101.05 105.53 OK
r-release-linux-x86_64 0.1.2 5.41 98.62 104.03 OK
r-release-macos-arm64 0.1.2 45.00 NOTE
r-release-macos-x86_64 0.1.2 69.00 NOTE
r-release-windows-x86_64 0.1.2 34.00 138.00 172.00 OK
r-oldrel-macos-arm64 0.1.2 57.00 NOTE
r-oldrel-macos-x86_64 0.1.2 78.00 NOTE
r-oldrel-windows-ix86+x86_64 0.1.2 14.00 127.00 141.00 OK

Check Details

Version: 0.1.2
Check: dependencies in R code
Result: NOTE
    Namespaces in Imports field not imported from:
     ‘data.table’ ‘utf8’
     All declared Imports should be used.
Flavors: r-devel-linux-x86_64-fedora-clang, r-devel-linux-x86_64-fedora-gcc, r-release-macos-arm64, r-release-macos-x86_64, r-oldrel-macos-arm64, r-oldrel-macos-x86_64