Last updated on 2023-01-28 19:52:18 CET.
Flavor | Version | Tinstall | Tcheck | Ttotal | Status | Flags |
---|---|---|---|---|---|---|
r-devel-linux-x86_64-debian-clang | 1.0.1 | 5.21 | 162.14 | 167.35 | OK | |
r-devel-linux-x86_64-debian-gcc | 1.0.1 | 4.00 | 123.14 | 127.14 | OK | |
r-devel-linux-x86_64-fedora-clang | 1.0.1 | 198.95 | NOTE | |||
r-devel-linux-x86_64-fedora-gcc | 1.0.1 | 211.81 | NOTE | |||
r-devel-windows-x86_64 | 1.0.1 | 14.00 | 287.00 | 301.00 | OK | |
r-patched-linux-x86_64 | 1.0.1 | 5.93 | 157.13 | 163.06 | OK | |
r-release-linux-x86_64 | 1.0.1 | 5.31 | 159.16 | 164.47 | OK | |
r-release-macos-arm64 | 1.0.1 | 258.00 | NOTE | |||
r-release-macos-x86_64 | 1.0.1 | 336.00 | NOTE | |||
r-release-windows-x86_64 | 1.0.1 | 15.00 | 279.00 | 294.00 | OK | |
r-oldrel-macos-arm64 | 1.0.1 | 246.00 | NOTE | |||
r-oldrel-macos-x86_64 | 1.0.1 | 277.00 | NOTE | |||
r-oldrel-windows-ix86+x86_64 | 1.0.1 | 15.00 | 272.00 | 287.00 | OK |
Version: 1.0.1
Check: dependencies in R code
Result: NOTE
Namespace in Imports field not imported from: ‘rlang’
All declared Imports should be used.
Flavors: r-devel-linux-x86_64-fedora-clang, r-devel-linux-x86_64-fedora-gcc, r-release-macos-arm64, r-release-macos-x86_64, r-oldrel-macos-arm64, r-oldrel-macos-x86_64