CRAN Package Check Results for Package lenses

Last updated on 2022-05-17 02:53:13 CEST.

Flavor Version Tinstall Tcheck Ttotal Status Flags
r-devel-linux-x86_64-debian-clang 0.0.3 2.25 37.68 39.93 NOTE
r-devel-linux-x86_64-debian-gcc 0.0.3 2.54 28.86 31.40 NOTE
r-devel-linux-x86_64-fedora-clang 0.0.3 48.82 NOTE
r-devel-linux-x86_64-fedora-gcc 0.0.3 47.66 NOTE
r-devel-windows-x86_64 0.0.3 20.00 56.00 76.00 NOTE
r-patched-linux-x86_64 0.0.3 3.87 35.36 39.23 NOTE
r-release-linux-x86_64 0.0.3 3.38 36.44 39.82 NOTE
r-release-macos-arm64 0.0.3 17.00 NOTE
r-release-macos-x86_64 0.0.3 24.00 NOTE
r-release-windows-x86_64 0.0.3 21.00 64.00 85.00 NOTE
r-oldrel-macos-arm64 0.0.3 22.00 NOTE
r-oldrel-macos-x86_64 0.0.3 29.00 NOTE
r-oldrel-windows-ix86+x86_64 0.0.3 7.00 49.00 56.00 NOTE

Check Details

Version: 0.0.3
Check: LazyData
Result: NOTE
     'LazyData' is specified without a 'data' directory
Flavors: r-devel-linux-x86_64-debian-clang, r-devel-linux-x86_64-debian-gcc, r-devel-linux-x86_64-fedora-clang, r-devel-linux-x86_64-fedora-gcc, r-devel-windows-x86_64, r-patched-linux-x86_64, r-release-linux-x86_64, r-release-macos-arm64, r-release-macos-x86_64, r-release-windows-x86_64, r-oldrel-macos-arm64, r-oldrel-macos-x86_64, r-oldrel-windows-ix86+x86_64

Version: 0.0.3
Check: Rd cross-references
Result: NOTE
    Undeclared packages ‘purrr’, ‘dplyr’ in Rd xrefs
Flavor: r-devel-linux-x86_64-fedora-clang