Last updated on 2022-05-22 14:49:15 CEST.
Flavor | Version | Tinstall | Tcheck | Ttotal | Status | Flags |
---|---|---|---|---|---|---|
r-devel-linux-x86_64-debian-clang | 4.1.9 | 39.29 | 279.92 | 319.21 | OK | |
r-devel-linux-x86_64-debian-gcc | 4.1.9 | 29.06 | 208.07 | 237.13 | OK | |
r-devel-linux-x86_64-fedora-clang | 4.1.9 | 375.97 | NOTE | |||
r-devel-linux-x86_64-fedora-gcc | 4.1.9 | 368.22 | OK | |||
r-devel-windows-x86_64 | 4.1.9 | 94.00 | 340.00 | 434.00 | NOTE | |
r-patched-linux-x86_64 | 4.1.9 | 41.59 | 268.31 | 309.90 | OK | |
r-release-linux-x86_64 | 4.1.9 | 35.32 | 264.59 | 299.91 | OK | |
r-release-macos-arm64 | 4.1.9 | 97.00 | NOTE | |||
r-release-macos-x86_64 | 4.1.9 | 168.00 | NOTE | |||
r-release-windows-x86_64 | 4.1.9 | 96.00 | 341.00 | 437.00 | NOTE | |
r-oldrel-macos-arm64 | 4.1.9 | 101.00 | NOTE | |||
r-oldrel-macos-x86_64 | 4.1.9 | 154.00 | NOTE | |||
r-oldrel-windows-ix86+x86_64 | 4.1.9 | 66.00 | 332.00 | 398.00 | NOTE |
Version: 4.1.9
Check: installed package size
Result: NOTE
installed size is 8.3Mb
sub-directories of 1Mb or more:
R 1.3Mb
doc 5.7Mb
Flavors: r-devel-linux-x86_64-fedora-clang, r-devel-windows-x86_64, r-release-macos-arm64, r-release-macos-x86_64, r-release-windows-x86_64, r-oldrel-macos-arm64, r-oldrel-macos-x86_64, r-oldrel-windows-ix86+x86_64