CRAN Package Check Results for Package lgpr

Last updated on 2022-05-22 11:51:45 CEST.

Flavor Version Tinstall Tcheck Ttotal Status Flags
r-devel-linux-x86_64-debian-clang 1.1.5 476.74 237.17 713.91 NOTE
r-devel-linux-x86_64-debian-gcc 1.1.5 414.06 193.72 607.78 NOTE
r-devel-linux-x86_64-fedora-clang 1.1.5 981.81 NOTE
r-devel-linux-x86_64-fedora-gcc 1.1.5 996.11 NOTE
r-devel-windows-x86_64 1.1.5 392.00 308.00 700.00 NOTE
r-patched-linux-x86_64 1.1.5 344.75 248.64 593.39 NOTE
r-release-linux-x86_64 1.1.5 318.35 251.85 570.20 NOTE
r-release-macos-arm64 1.1.5 239.00 NOTE
r-release-macos-x86_64 1.1.5 385.00 NOTE
r-release-windows-x86_64 1.1.5 360.00 302.00 662.00 NOTE
r-oldrel-macos-arm64 1.1.5 255.00 NOTE
r-oldrel-macos-x86_64 1.1.5 282.00 NOTE
r-oldrel-windows-ix86+x86_64 1.1.5 1003.00 482.00 1485.00 NOTE

Check Details

Version: 1.1.5
Check: for GNU extensions in Makefiles
Result: NOTE
    GNU make is a SystemRequirements.
Flavors: r-devel-linux-x86_64-debian-clang, r-devel-linux-x86_64-debian-gcc, r-devel-linux-x86_64-fedora-clang, r-devel-linux-x86_64-fedora-gcc, r-devel-windows-x86_64, r-patched-linux-x86_64, r-release-linux-x86_64, r-release-macos-arm64, r-release-macos-x86_64, r-release-windows-x86_64, r-oldrel-macos-arm64, r-oldrel-macos-x86_64, r-oldrel-windows-ix86+x86_64

Version: 1.1.5
Check: installed package size
Result: NOTE
     installed size is 55.5Mb
     sub-directories of 1Mb or more:
     libs 54.2Mb
Flavors: r-devel-linux-x86_64-fedora-clang, r-devel-windows-x86_64, r-release-macos-arm64, r-release-macos-x86_64, r-release-windows-x86_64, r-oldrel-macos-arm64, r-oldrel-macos-x86_64, r-oldrel-windows-ix86+x86_64