CRAN Package Check Results for Package lidaRtRee

Last updated on 2022-06-28 13:50:01 CEST.

Flavor Version Tinstall Tcheck Ttotal Status Flags
r-devel-linux-x86_64-debian-clang 4.0.1 5.01 131.72 136.73 OK
r-devel-linux-x86_64-debian-gcc 4.0.1 3.13 95.67 98.80 OK
r-devel-linux-x86_64-fedora-clang 4.0.1 168.14 OK
r-devel-linux-x86_64-fedora-gcc 4.0.1 167.88 OK
r-devel-windows-x86_64 4.0.1 46.00 164.00 210.00 OK
r-patched-linux-x86_64 4.0.1 13.48 123.74 137.22 OK
r-release-linux-x86_64 4.0.1 4.04 124.42 128.46 OK
r-release-macos-arm64 4.0.1 36.00 ERROR
r-release-macos-x86_64 4.0.1 61.00 OK
r-release-windows-x86_64 4.0.1 42.00 175.00 217.00 OK
r-oldrel-macos-arm64 4.0.1 42.00 OK
r-oldrel-macos-x86_64 4.0.1 59.00 OK
r-oldrel-windows-ix86+x86_64 4.0.1 13.00 167.00 180.00 OK

Check Details

Version: 4.0.1
Check: examples
Result: ERROR
    Running examples in ‘lidaRtRee-Ex.R’ failed
    The error most likely occurred in:
    
    > ### Name: convert_raster
    > ### Title: Raster format conversion
    > ### Aliases: convert_raster
    >
    > ### ** Examples
    >
    > # load SpatRaster
    > data(chm_chablais3)
    > chm_chablais3 <- terra::rast(chm_chablais3)
    > # to stars
    > chm_stars <- convert_raster(chm_chablais3, pkg = "stars")
    Error: $ operator is invalid for atomic vectors
    Execution halted
Flavor: r-release-macos-arm64