Last updated on 2022-05-16 16:52:17 CEST.
Flavor | Version | Tinstall | Tcheck | Ttotal | Status | Flags |
---|---|---|---|---|---|---|
r-devel-linux-x86_64-debian-clang | 3.3.2 | 377.48 | 176.37 | 553.85 | OK | |
r-devel-linux-x86_64-debian-gcc | 3.3.2 | 333.90 | 291.27 | 625.17 | OK | |
r-devel-linux-x86_64-fedora-clang | 3.3.2 | 1118.00 | NOTE | |||
r-devel-linux-x86_64-fedora-gcc | 3.3.2 | 739.02 | OK | |||
r-devel-windows-x86_64 | 3.3.2 | 374.00 | 194.00 | 568.00 | OK | |
r-patched-linux-x86_64 | 3.3.2 | 324.11 | 171.43 | 495.54 | OK | |
r-release-linux-x86_64 | 3.3.2 | 341.86 | 187.94 | 529.80 | OK | |
r-release-macos-arm64 | 3.3.2 | 215.00 | NOTE | |||
r-release-macos-x86_64 | 3.3.2 | 260.00 | NOTE | |||
r-release-windows-x86_64 | 3.3.2 | 384.00 | 206.00 | 590.00 | OK | |
r-oldrel-macos-arm64 | 3.3.2 | 234.00 | NOTE | |||
r-oldrel-macos-x86_64 | 3.3.2 | 277.00 | NOTE | |||
r-oldrel-windows-ix86+x86_64 | 3.3.2 | 784.00 | 249.00 | 1033.00 | NOTE |
Version: 3.3.2
Check: installed package size
Result: NOTE
installed size is 35.8Mb
sub-directories of 1Mb or more:
libs 35.2Mb
Flavors: r-devel-linux-x86_64-fedora-clang, r-release-macos-arm64, r-release-macos-x86_64, r-oldrel-macos-arm64, r-oldrel-macos-x86_64, r-oldrel-windows-ix86+x86_64