CRAN Package Check Results for Package likelihoodExplore

Last updated on 2022-05-26 12:53:42 CEST.

Flavor Version Tinstall Tcheck Ttotal Status Flags
r-devel-linux-x86_64-debian-clang 0.1.0 2.83 39.75 42.58 NOTE
r-devel-linux-x86_64-debian-gcc 0.1.0 3.00 34.78 37.78 NOTE
r-devel-linux-x86_64-fedora-clang 0.1.0 52.91 NOTE
r-devel-linux-x86_64-fedora-gcc 0.1.0 51.84 NOTE
r-devel-windows-x86_64 0.1.0 48.00 60.00 108.00 NOTE
r-patched-linux-x86_64 0.1.0 3.94 38.64 42.58 NOTE
r-release-linux-x86_64 0.1.0 NOTE
r-release-macos-arm64 0.1.0 20.00 NOTE
r-release-macos-x86_64 0.1.0 25.00 NOTE
r-release-windows-x86_64 0.1.0 45.00 60.00 105.00 NOTE
r-oldrel-macos-arm64 0.1.0 19.00 NOTE
r-oldrel-macos-x86_64 0.1.0 35.00 NOTE
r-oldrel-windows-ix86+x86_64 0.1.0 8.00 52.00 60.00 NOTE

Check Details

Version: 0.1.0
Check: LazyData
Result: NOTE
     'LazyData' is specified without a 'data' directory
Flavors: r-devel-linux-x86_64-debian-clang, r-devel-linux-x86_64-debian-gcc, r-devel-linux-x86_64-fedora-clang, r-devel-linux-x86_64-fedora-gcc, r-devel-windows-x86_64, r-patched-linux-x86_64, r-release-linux-x86_64, r-release-macos-arm64, r-release-macos-x86_64, r-release-windows-x86_64, r-oldrel-macos-arm64, r-oldrel-macos-x86_64, r-oldrel-windows-ix86+x86_64