CRAN Package Check Results for Package lilikoi

Last updated on 2022-01-26 23:50:22 CET.

Flavor Version Tinstall Tcheck Ttotal Status Flags
r-devel-linux-x86_64-debian-clang 2.0.4 54.94 407.18 462.12 NOTE
r-devel-linux-x86_64-debian-gcc 2.0.4 48.91 309.67 358.58 NOTE
r-devel-linux-x86_64-fedora-clang 2.0.4 577.55 NOTE
r-devel-linux-x86_64-fedora-gcc 2.0.4 575.43 NOTE
r-devel-windows-x86_64-new-UL 2.0.4 67.00 385.00 452.00 NOTE
r-devel-windows-x86_64-new-TK 2.0.4 ERROR
r-patched-linux-x86_64 2.0.4 52.86 362.93 415.79 NOTE
r-release-linux-x86_64 2.0.4 39.65 370.95 410.60 NOTE
r-release-macos-arm64 2.0.4 NOTE
r-release-macos-x86_64 2.0.4 NOTE
r-release-windows-ix86+x86_64 2.0.4 85.00 391.00 476.00 NOTE
r-oldrel-macos-x86_64 2.0.4 ERROR
r-oldrel-windows-ix86+x86_64 2.0.4 199.00 715.00 914.00 OK

Check Details

Version: 2.0.4
Check: LazyData
Result: NOTE
     'LazyData' is specified without a 'data' directory
Flavors: r-devel-linux-x86_64-debian-clang, r-devel-linux-x86_64-debian-gcc, r-devel-linux-x86_64-fedora-clang, r-devel-linux-x86_64-fedora-gcc, r-devel-windows-x86_64-new-UL, r-patched-linux-x86_64, r-release-linux-x86_64, r-release-macos-arm64, r-release-macos-x86_64, r-release-windows-ix86+x86_64

Version: 2.0.4
Check: package dependencies
Result: NOTE
    Imports includes 26 non-default packages.
    Importing from so many packages makes the package vulnerable to any of
    them becoming unavailable. Move as many as possible to Suggests and
    use conditionally.
Flavor: r-devel-linux-x86_64-fedora-clang

Version: 2.0.4
Check: dependencies in R code
Result: NOTE
    Namespace in Imports field not imported from: ‘M3C’
     All declared Imports should be used.
Flavors: r-devel-linux-x86_64-fedora-clang, r-devel-linux-x86_64-fedora-gcc, r-release-macos-arm64, r-release-macos-x86_64

Version: 2.0.4
Check: package dependencies
Result: ERROR
    Packages required but not available: 'car', 'survminer'
    
    See section 'The DESCRIPTION file' in the 'Writing R Extensions'
    manual.
Flavor: r-devel-windows-x86_64-new-TK

Version: 2.0.4
Check: package dependencies
Result: ERROR
    Packages required but not available: 'M3C', 'pathifier', 'pathview'
    
    See section ‘The DESCRIPTION file’ in the ‘Writing R Extensions’
    manual.
Flavor: r-oldrel-macos-x86_64