CRAN Package Check Results for Package limorhyde

Last updated on 2024-05-20 12:51:47 CEST.

Flavor Version Tinstall Tcheck Ttotal Status Flags
r-devel-linux-x86_64-debian-clang 1.0.1 2.52 42.58 45.10 OK
r-devel-linux-x86_64-debian-gcc 1.0.1 1.71 32.84 34.55 OK
r-devel-linux-x86_64-fedora-clang 1.0.1 59.12 OK
r-devel-linux-x86_64-fedora-gcc 1.0.1 69.81 OK
r-devel-windows-x86_64 1.0.1 2.00 54.00 56.00 OK
r-patched-linux-x86_64 1.0.1 2.23 41.47 43.70 OK
r-release-linux-x86_64 1.0.1 2.50 40.74 43.24 OK
r-release-macos-arm64 1.0.1 24.00 ERROR
r-release-windows-x86_64 1.0.1 3.00 55.00 58.00 OK
r-oldrel-macos-arm64 1.0.1 28.00 ERROR
r-oldrel-macos-x86_64 1.0.1 43.00 ERROR
r-oldrel-windows-x86_64 1.0.1 3.00 59.00 62.00 OK

Check Details

Version: 1.0.1
Check: package dependencies
Result: NOTE Package suggested but not available for checking: ‘org.Mm.eg.db’ Flavors: r-release-macos-arm64, r-oldrel-macos-arm64, r-oldrel-macos-x86_64

Version: 1.0.1
Check: re-building of vignette outputs
Result: ERROR Error(s) in re-building vignettes: ... --- re-building ‘introduction.Rmd’ using rmarkdown Quitting from lines 22-30 [unnamed-chunk-2] (introduction.Rmd) Error: processing vignette 'introduction.Rmd' failed with diagnostics: there is no package called 'org.Mm.eg.db' --- failed re-building ‘introduction.Rmd’ SUMMARY: processing the following file failed: ‘introduction.Rmd’ Error: Vignette re-building failed. Execution halted Flavor: r-release-macos-arm64

Version: 1.0.1
Check: re-building of vignette outputs
Result: ERROR Error(s) in re-building vignettes: ... --- re-building ‘introduction.Rmd’ using rmarkdown Quitting from lines 22-30 (introduction.Rmd) Error: processing vignette 'introduction.Rmd' failed with diagnostics: there is no package called 'org.Mm.eg.db' --- failed re-building ‘introduction.Rmd’ SUMMARY: processing the following file failed: ‘introduction.Rmd’ Error: Vignette re-building failed. Execution halted Flavor: r-oldrel-macos-arm64

Version: 1.0.1
Check: re-building of vignette outputs
Result: ERROR Error(s) in re-building vignettes: ... --- re-building ‘introduction.Rmd’ using rmarkdown Pandoc is required to build R Markdown vignettes but not available. Please make sure it is installed. Quitting from lines 22-30 (introduction.Rmd) Error: processing vignette 'introduction.Rmd' failed with diagnostics: there is no package called 'org.Mm.eg.db' --- failed re-building ‘introduction.Rmd’ SUMMARY: processing the following file failed: ‘introduction.Rmd’ Error: Vignette re-building failed. Execution halted Flavor: r-oldrel-macos-x86_64