CRAN Package Check Results for Package link2GI

Last updated on 2022-05-20 07:49:23 CEST.

Flavor Version Tinstall Tcheck Ttotal Status Flags
r-devel-linux-x86_64-debian-clang 0.4-7 12.19 134.62 146.81 OK
r-devel-linux-x86_64-debian-gcc 0.4-7 10.55 98.10 108.65 OK
r-devel-linux-x86_64-fedora-clang 0.4-7 166.82 NOTE
r-devel-linux-x86_64-fedora-gcc 0.4-7 163.18 NOTE
r-devel-windows-x86_64 0.4-7 30.00 155.00 185.00 OK
r-patched-linux-x86_64 0.4-7 15.57 124.88 140.45 OK
r-release-linux-x86_64 0.4-7 9.62 124.69 134.31 OK
r-release-macos-arm64 0.4-7 47.00 NOTE
r-release-macos-x86_64 0.4-7 90.00 NOTE
r-release-windows-x86_64 0.4-7 31.00 157.00 188.00 OK
r-oldrel-macos-arm64 0.4-7 55.00 NOTE
r-oldrel-macos-x86_64 0.4-7 56.00 NOTE
r-oldrel-windows-ix86+x86_64 0.4-7 30.00 148.00 178.00 OK

Check Details

Version: 0.4-7
Check: dependencies in R code
Result: NOTE
    Namespace in Imports field not imported from: ‘methods’
     All declared Imports should be used.
Flavors: r-devel-linux-x86_64-fedora-clang, r-devel-linux-x86_64-fedora-gcc, r-release-macos-arm64, r-release-macos-x86_64, r-oldrel-macos-arm64, r-oldrel-macos-x86_64