CRAN Package Check Results for Package liteq

Last updated on 2022-05-17 07:53:08 CEST.

Flavor Version Tinstall Tcheck Ttotal Status Flags
r-devel-linux-x86_64-debian-clang 1.1.0 4.77 57.51 62.28 NOTE
r-devel-linux-x86_64-debian-gcc 1.1.0 4.24 43.75 47.99 NOTE
r-devel-linux-x86_64-fedora-clang 1.1.0 75.12 NOTE
r-devel-linux-x86_64-fedora-gcc 1.1.0 73.86 NOTE
r-devel-windows-x86_64 1.1.0 26.00 80.00 106.00 NOTE
r-patched-linux-x86_64 1.1.0 4.56 55.31 59.87 NOTE
r-release-linux-x86_64 1.1.0 6.19 55.14 61.33 NOTE
r-release-macos-arm64 1.1.0 23.00 NOTE
r-release-macos-x86_64 1.1.0 33.00 NOTE
r-release-windows-x86_64 1.1.0 27.00 75.00 102.00 NOTE
r-oldrel-macos-arm64 1.1.0 28.00 NOTE
r-oldrel-macos-x86_64 1.1.0 45.00 NOTE
r-oldrel-windows-ix86+x86_64 1.1.0 13.00 72.00 85.00 NOTE

Check Details

Version: 1.1.0
Check: LazyData
Result: NOTE
     'LazyData' is specified without a 'data' directory
Flavors: r-devel-linux-x86_64-debian-clang, r-devel-linux-x86_64-debian-gcc, r-devel-linux-x86_64-fedora-clang, r-devel-linux-x86_64-fedora-gcc, r-devel-windows-x86_64, r-patched-linux-x86_64, r-release-linux-x86_64, r-release-macos-arm64, r-release-macos-x86_64, r-release-windows-x86_64, r-oldrel-macos-arm64, r-oldrel-macos-x86_64, r-oldrel-windows-ix86+x86_64