CRAN Package Check Results for Package lmds

Last updated on 2022-05-22 06:52:03 CEST.

Flavor Version Tinstall Tcheck Ttotal Status Flags
r-devel-linux-x86_64-debian-clang 0.1.0 11.25 112.55 123.80 NOTE
r-devel-linux-x86_64-debian-gcc 0.1.0 8.28 84.38 92.66 NOTE
r-devel-linux-x86_64-fedora-clang 0.1.0 150.53 NOTE
r-devel-linux-x86_64-fedora-gcc 0.1.0 142.78 NOTE
r-devel-windows-x86_64 0.1.0 20.00 118.00 138.00 NOTE
r-patched-linux-x86_64 0.1.0 8.88 106.10 114.98 NOTE
r-release-linux-x86_64 0.1.0 10.34 107.23 117.57 NOTE
r-release-macos-arm64 0.1.0 41.00 NOTE
r-release-macos-x86_64 0.1.0 75.00 NOTE
r-release-windows-x86_64 0.1.0 16.00 118.00 134.00 NOTE
r-oldrel-macos-arm64 0.1.0 43.00 NOTE
r-oldrel-macos-x86_64 0.1.0 71.00 NOTE
r-oldrel-windows-ix86+x86_64 0.1.0 25.00 113.00 138.00 NOTE

Check Details

Version: 0.1.0
Check: LazyData
Result: NOTE
     'LazyData' is specified without a 'data' directory
Flavors: r-devel-linux-x86_64-debian-clang, r-devel-linux-x86_64-debian-gcc, r-devel-linux-x86_64-fedora-clang, r-devel-linux-x86_64-fedora-gcc, r-devel-windows-x86_64, r-patched-linux-x86_64, r-release-linux-x86_64, r-release-macos-arm64, r-release-macos-x86_64, r-release-windows-x86_64, r-oldrel-macos-arm64, r-oldrel-macos-x86_64, r-oldrel-windows-ix86+x86_64

Version: 0.1.0
Check: dependencies in R code
Result: NOTE
    Namespace in Imports field not imported from: ‘Matrix’
     All declared Imports should be used.
Flavors: r-devel-linux-x86_64-fedora-clang, r-devel-linux-x86_64-fedora-gcc, r-release-macos-arm64, r-release-macos-x86_64, r-oldrel-macos-arm64, r-oldrel-macos-x86_64