CRAN Package Check Results for Package locStra

Last updated on 2022-05-23 05:52:44 CEST.

Flavor Version Tinstall Tcheck Ttotal Status Flags
r-devel-linux-x86_64-debian-clang 1.9 66.99 121.44 188.43 OK
r-devel-linux-x86_64-debian-gcc 1.9 58.61 92.11 150.72 OK
r-devel-linux-x86_64-fedora-clang 1.9 249.08 NOTE
r-devel-linux-x86_64-fedora-gcc 1.9 233.19 OK
r-devel-windows-x86_64 1.9 60.00 152.00 212.00 OK
r-patched-linux-x86_64 1.9 55.30 118.50 173.80 OK
r-release-linux-x86_64 1.9 OK
r-release-macos-arm64 1.9 69.00 NOTE
r-release-macos-x86_64 1.9 95.00 NOTE
r-release-windows-x86_64 1.9 62.00 152.00 214.00 OK
r-oldrel-macos-arm64 1.9 54.00 NOTE
r-oldrel-macos-x86_64 1.9 83.00 NOTE
r-oldrel-windows-ix86+x86_64 1.9 156.00 183.00 339.00 OK

Check Details

Version: 1.9
Check: installed package size
Result: NOTE
     installed size is 23.3Mb
     sub-directories of 1Mb or more:
     libs 23.1Mb
Flavors: r-devel-linux-x86_64-fedora-clang, r-release-macos-arm64, r-release-macos-x86_64, r-oldrel-macos-arm64, r-oldrel-macos-x86_64