CRAN Package Check Results for Package log

Last updated on 2022-05-18 21:53:19 CEST.

Flavor Version Tinstall Tcheck Ttotal Status Flags
r-devel-linux-x86_64-debian-clang 1.1.1 4.56 36.15 40.71 OK
r-devel-linux-x86_64-debian-gcc 1.1.1 3.41 28.66 32.07 OK
r-devel-linux-x86_64-fedora-clang 1.1.1 49.62 NOTE
r-devel-linux-x86_64-fedora-gcc 1.1.1 48.31 NOTE
r-devel-windows-x86_64 1.1.1 15.00 56.00 71.00 OK
r-patched-linux-x86_64 1.1.1 4.38 36.21 40.59 OK
r-release-linux-x86_64 1.1.1 3.76 35.30 39.06 OK
r-release-macos-arm64 1.1.1 17.00 NOTE
r-release-macos-x86_64 1.1.1 27.00 NOTE
r-release-windows-x86_64 1.1.1 13.00 54.00 67.00 OK
r-oldrel-macos-arm64 1.1.1 21.00 NOTE
r-oldrel-macos-x86_64 1.1.1 23.00 NOTE
r-oldrel-windows-ix86+x86_64 1.1.1 9.00 49.00 58.00 OK

Check Details

Version: 1.1.1
Check: dependencies in R code
Result: NOTE
    Namespace in Imports field not imported from: ‘R6’
     All declared Imports should be used.
Flavors: r-devel-linux-x86_64-fedora-clang, r-devel-linux-x86_64-fedora-gcc, r-release-macos-arm64, r-release-macos-x86_64, r-oldrel-macos-arm64, r-oldrel-macos-x86_64