CRAN Package Check Results for Package logKDE

Last updated on 2022-05-18 23:52:17 CEST.

Flavor Version Tinstall Tcheck Ttotal Status Flags
r-devel-linux-x86_64-debian-clang 0.3.2 17.64 74.20 91.84 NOTE
r-devel-linux-x86_64-debian-gcc 0.3.2 15.23 55.93 71.16 NOTE
r-devel-linux-x86_64-fedora-clang 0.3.2 117.47 NOTE
r-devel-linux-x86_64-fedora-gcc 0.3.2 111.31 NOTE
r-devel-windows-x86_64 0.3.2 26.00 111.00 137.00 NOTE
r-patched-linux-x86_64 0.3.2 15.73 70.49 86.22 NOTE
r-release-linux-x86_64 0.3.2 15.76 70.52 86.28 NOTE
r-release-macos-arm64 0.3.2 30.00 NOTE
r-release-macos-x86_64 0.3.2 46.00 NOTE
r-release-windows-x86_64 0.3.2 27.00 112.00 139.00 NOTE
r-oldrel-macos-arm64 0.3.2 33.00 NOTE
r-oldrel-macos-x86_64 0.3.2 64.00 NOTE
r-oldrel-windows-ix86+x86_64 0.3.2 49.00 155.00 204.00 NOTE

Check Details

Version: 0.3.2
Check: LazyData
Result: NOTE
     'LazyData' is specified without a 'data' directory
Flavors: r-devel-linux-x86_64-debian-clang, r-devel-linux-x86_64-debian-gcc, r-devel-linux-x86_64-fedora-clang, r-devel-linux-x86_64-fedora-gcc, r-devel-windows-x86_64, r-patched-linux-x86_64, r-release-linux-x86_64, r-release-macos-arm64, r-release-macos-x86_64, r-release-windows-x86_64, r-oldrel-macos-arm64, r-oldrel-macos-x86_64, r-oldrel-windows-ix86+x86_64