CRAN Package Check Results for Package lookupTable

Last updated on 2022-05-26 11:52:13 CEST.

Flavor Version Tinstall Tcheck Ttotal Status Flags
r-devel-linux-x86_64-debian-clang 0.1 6.68 63.53 70.21 NOTE
r-devel-linux-x86_64-debian-gcc 0.1 4.17 53.45 57.62 NOTE
r-devel-linux-x86_64-fedora-clang 0.1 83.38 NOTE
r-devel-linux-x86_64-fedora-gcc 0.1 69.36 NOTE
r-devel-windows-x86_64 0.1 19.00 76.00 95.00 NOTE
r-patched-linux-x86_64 0.1 6.73 59.41 66.14 NOTE
r-release-linux-x86_64 0.1 NOTE
r-release-macos-arm64 0.1 23.00 NOTE
r-release-macos-x86_64 0.1 43.00 NOTE
r-release-windows-x86_64 0.1 20.00 76.00 96.00 NOTE
r-oldrel-macos-arm64 0.1 33.00 NOTE
r-oldrel-macos-x86_64 0.1 41.00 NOTE
r-oldrel-windows-ix86+x86_64 0.1 16.00 70.00 86.00 NOTE

Check Details

Version: 0.1
Check: LazyData
Result: NOTE
     'LazyData' is specified without a 'data' directory
Flavors: r-devel-linux-x86_64-debian-clang, r-devel-linux-x86_64-debian-gcc, r-devel-linux-x86_64-fedora-clang, r-devel-linux-x86_64-fedora-gcc, r-devel-windows-x86_64, r-patched-linux-x86_64, r-release-linux-x86_64, r-release-macos-arm64, r-release-macos-x86_64, r-release-windows-x86_64, r-oldrel-macos-arm64, r-oldrel-macos-x86_64, r-oldrel-windows-ix86+x86_64