Last updated on 2023-02-01 08:59:47 CET.
Flavor | Version | Tinstall | Tcheck | Ttotal | Status | Flags |
---|---|---|---|---|---|---|
r-devel-linux-x86_64-debian-clang | 0.1.0 | 36.43 | 437.66 | 474.09 | NOTE | |
r-devel-linux-x86_64-debian-gcc | 0.1.0 | 27.58 | 372.66 | 400.24 | NOTE | |
r-devel-linux-x86_64-fedora-clang | 0.1.0 | 702.35 | NOTE | |||
r-devel-linux-x86_64-fedora-gcc | 0.1.0 | 733.48 | NOTE | |||
r-devel-windows-x86_64 | 0.1.0 | 45.00 | 570.00 | 615.00 | NOTE | |
r-patched-linux-x86_64 | 0.1.0 | 33.86 | 523.16 | 557.02 | OK | |
r-release-linux-x86_64 | 0.1.0 | 29.31 | 523.43 | 552.74 | OK | |
r-release-macos-arm64 | 0.1.0 | 128.00 | OK | |||
r-release-macos-x86_64 | 0.1.0 | 186.00 | OK | |||
r-release-windows-x86_64 | 0.1.0 | 120.00 | 569.00 | 689.00 | OK | |
r-oldrel-macos-arm64 | 0.1.0 | 129.00 | OK | |||
r-oldrel-macos-x86_64 | 0.1.0 | 183.00 | OK | |||
r-oldrel-windows-ix86+x86_64 | 0.1.0 | 80.00 | 916.00 | 996.00 | OK |
Version: 0.1.0
Check: C++ specification
Result: NOTE
Specified C++11: please update to current default of C++17
Flavors: r-devel-linux-x86_64-debian-clang, r-devel-linux-x86_64-debian-gcc, r-devel-linux-x86_64-fedora-clang, r-devel-linux-x86_64-fedora-gcc, r-devel-windows-x86_64