Last updated on 2023-02-09 13:00:23 CET.
Flavor | Version | Tinstall | Tcheck | Ttotal | Status | Flags |
---|---|---|---|---|---|---|
r-devel-linux-x86_64-debian-clang | 0.1.10 | 94.29 | 122.68 | 216.97 | NOTE | |
r-devel-linux-x86_64-debian-gcc | 0.1.10 | 86.33 | 92.22 | 178.55 | NOTE | |
r-devel-linux-x86_64-fedora-clang | 0.1.10 | 303.17 | NOTE | |||
r-devel-linux-x86_64-fedora-gcc | 0.1.10 | 322.53 | NOTE | |||
r-devel-windows-x86_64 | 0.1.10 | 124.00 | 200.00 | 324.00 | NOTE | |
r-patched-linux-x86_64 | 0.1.10 | 93.44 | 111.67 | 205.11 | OK | |
r-release-linux-x86_64 | 0.1.10 | 92.68 | 109.12 | 201.80 | OK | |
r-release-macos-arm64 | 0.1.10 | 78.00 | NOTE | |||
r-release-macos-x86_64 | 0.1.10 | 106.00 | NOTE | |||
r-release-windows-x86_64 | 0.1.10 | 98.00 | 203.00 | 301.00 | OK | |
r-oldrel-macos-arm64 | 0.1.10 | 78.00 | NOTE | |||
r-oldrel-macos-x86_64 | 0.1.10 | 116.00 | NOTE | |||
r-oldrel-windows-ix86+x86_64 | 0.1.10 | 21.00 | 17.00 | 38.00 | ERROR |
Version: 0.1.10
Check: C++ specification
Result: NOTE
Specified C++11: please update to current default of C++17
Flavor: r-devel-linux-x86_64-debian-clang
Version: 0.1.10
Check: C++ specification
Result: NOTE
Specified C++11: please drop specification unless essential
Flavors: r-devel-linux-x86_64-debian-gcc, r-devel-linux-x86_64-fedora-clang, r-devel-linux-x86_64-fedora-gcc, r-devel-windows-x86_64
Version: 0.1.10
Check: installed package size
Result: NOTE
installed size is 10.5Mb
sub-directories of 1Mb or more:
libs 10.0Mb
Flavors: r-release-macos-arm64, r-release-macos-x86_64, r-oldrel-macos-arm64, r-oldrel-macos-x86_64
Version: 0.1.10
Check: whether package can be installed
Result: ERROR
Installation failed.
Flavor: r-oldrel-windows-ix86+x86_64