Last updated on 2022-05-16 15:53:16 CEST.
Flavor | Version | Tinstall | Tcheck | Ttotal | Status | Flags |
---|---|---|---|---|---|---|
r-devel-linux-x86_64-debian-clang | 0.2.0 | 102.53 | 142.46 | 244.99 | OK | |
r-devel-linux-x86_64-debian-gcc | 0.2.0 | 76.97 | 108.82 | 185.79 | OK | |
r-devel-linux-x86_64-fedora-clang | 0.2.0 | 321.47 | NOTE | |||
r-devel-linux-x86_64-fedora-gcc | 0.2.0 | 296.76 | OK | |||
r-devel-windows-x86_64 | 0.2.0 | 82.00 | 170.00 | 252.00 | OK | |
r-patched-linux-x86_64 | 0.2.0 | 86.46 | 136.95 | 223.41 | OK | |
r-release-linux-x86_64 | 0.2.0 | 83.08 | 134.82 | 217.90 | OK | |
r-release-macos-arm64 | 0.2.0 | 75.00 | NOTE | |||
r-release-macos-x86_64 | 0.2.0 | 109.00 | NOTE | |||
r-release-windows-x86_64 | 0.2.0 | 87.00 | 170.00 | 257.00 | OK | |
r-oldrel-macos-arm64 | 0.2.0 | 77.00 | NOTE | |||
r-oldrel-macos-x86_64 | 0.2.0 | 111.00 | NOTE | |||
r-oldrel-windows-ix86+x86_64 | 0.2.0 | 241.00 | 201.00 | 442.00 | OK |
Version: 0.2.0
Check: installed package size
Result: NOTE
installed size is 5.1Mb
sub-directories of 1Mb or more:
data 2.1Mb
libs 2.8Mb
Flavors: r-devel-linux-x86_64-fedora-clang, r-release-macos-arm64, r-release-macos-x86_64, r-oldrel-macos-arm64, r-oldrel-macos-x86_64