CRAN Package Check Results for Package luzlogr

Last updated on 2022-05-21 18:53:30 CEST.

Flavor Version Tinstall Tcheck Ttotal Status Flags
r-devel-linux-x86_64-debian-clang 0.2.0 2.20 35.32 37.52 NOTE
r-devel-linux-x86_64-debian-gcc 0.2.0 1.72 27.92 29.64 NOTE
r-devel-linux-x86_64-fedora-clang 0.2.0 46.57 NOTE
r-devel-linux-x86_64-fedora-gcc 0.2.0 44.98 NOTE
r-devel-windows-x86_64 0.2.0 17.00 55.00 72.00 NOTE
r-patched-linux-x86_64 0.2.0 1.69 34.98 36.67 NOTE
r-release-linux-x86_64 0.2.0 1.65 35.21 36.86 NOTE
r-release-macos-arm64 0.2.0 17.00 NOTE
r-release-macos-x86_64 0.2.0 24.00 NOTE
r-release-windows-x86_64 0.2.0 17.00 56.00 73.00 NOTE
r-oldrel-macos-arm64 0.2.0 20.00 NOTE
r-oldrel-macos-x86_64 0.2.0 29.00 NOTE
r-oldrel-windows-ix86+x86_64 0.2.0 5.00 44.00 49.00 NOTE

Check Details

Version: 0.2.0
Check: LazyData
Result: NOTE
     'LazyData' is specified without a 'data' directory
Flavors: r-devel-linux-x86_64-debian-clang, r-devel-linux-x86_64-debian-gcc, r-devel-linux-x86_64-fedora-clang, r-devel-linux-x86_64-fedora-gcc, r-devel-windows-x86_64, r-patched-linux-x86_64, r-release-linux-x86_64, r-release-macos-arm64, r-release-macos-x86_64, r-release-windows-x86_64, r-oldrel-macos-arm64, r-oldrel-macos-x86_64, r-oldrel-windows-ix86+x86_64

Version: 0.2.0
Check: for non-standard things in the check directory
Result: NOTE
    Found the following files/directories:
     'test'
Flavors: r-devel-linux-x86_64-debian-clang, r-devel-linux-x86_64-debian-gcc, r-devel-linux-x86_64-fedora-clang, r-devel-linux-x86_64-fedora-gcc, r-patched-linux-x86_64, r-release-linux-x86_64