Last updated on 2022-05-17 22:51:31 CEST.
Flavor | Version | Tinstall | Tcheck | Ttotal | Status | Flags |
---|---|---|---|---|---|---|
r-devel-linux-x86_64-debian-clang | 1.3.0 | 7.05 | 77.08 | 84.13 | NOTE | |
r-devel-linux-x86_64-debian-gcc | 1.3.0 | 6.80 | 58.66 | 65.46 | NOTE | |
r-devel-linux-x86_64-fedora-clang | 1.3.0 | 99.39 | NOTE | |||
r-devel-linux-x86_64-fedora-gcc | 1.3.0 | 98.18 | NOTE | |||
r-devel-windows-x86_64 | 1.3.0 | 14.00 | 93.00 | 107.00 | NOTE | |
r-patched-linux-x86_64 | 1.3.0 | 6.76 | 73.22 | 79.98 | NOTE | |
r-release-linux-x86_64 | 1.3.0 | 7.82 | 72.13 | 79.95 | NOTE | |
r-release-macos-arm64 | 1.3.0 | 31.00 | NOTE | |||
r-release-macos-x86_64 | 1.3.0 | 44.00 | NOTE | |||
r-release-windows-x86_64 | 1.3.0 | 18.00 | 98.00 | 116.00 | NOTE | |
r-oldrel-macos-arm64 | 1.3.0 | 36.00 | NOTE | |||
r-oldrel-macos-x86_64 | 1.3.0 | 58.00 | NOTE | |||
r-oldrel-windows-ix86+x86_64 | 1.3.0 | 16.00 | 83.00 | 99.00 | NOTE |
Version: 1.3.0
Check: R code for possible problems
Result: NOTE
generate.clonal.data : pcr.rpareto.func: no visible global function
definition for 'runif'
generate.clonal.data : get.readcount.given.cellcount: no visible global
function definition for 'rlnorm'
generate.clonal.data: no visible global function definition for
'rmultinom'
generate.clonal.data: no visible global function definition for 'rpois'
infer.clonality: no visible global function definition for 'cov'
infer.clonality: no visible global function definition for
'capture.output'
Undefined global functions or variables:
capture.output cov rlnorm rmultinom rpois runif
Consider adding
importFrom("stats", "cov", "rlnorm", "rmultinom", "rpois", "runif")
importFrom("utils", "capture.output")
to your NAMESPACE file.
Flavors: r-devel-linux-x86_64-debian-clang, r-devel-linux-x86_64-debian-gcc, r-devel-linux-x86_64-fedora-clang, r-devel-linux-x86_64-fedora-gcc, r-devel-windows-x86_64, r-patched-linux-x86_64, r-release-linux-x86_64, r-release-macos-arm64, r-release-macos-x86_64, r-release-windows-x86_64, r-oldrel-macos-arm64, r-oldrel-macos-x86_64, r-oldrel-windows-ix86+x86_64