Last updated on 2023-01-28 16:51:22 CET.
Flavor | Version | Tinstall | Tcheck | Ttotal | Status | Flags |
---|---|---|---|---|---|---|
r-devel-linux-x86_64-debian-clang | 0.1.0 | 2.32 | 23.06 | 25.38 | OK | |
r-devel-linux-x86_64-debian-gcc | 0.1.0 | 1.89 | 18.23 | 20.12 | OK | |
r-devel-linux-x86_64-fedora-clang | 0.1.0 | 33.74 | NOTE | |||
r-devel-linux-x86_64-fedora-gcc | 0.1.0 | 31.58 | NOTE | |||
r-devel-windows-x86_64 | 0.1.0 | 9.00 | 56.00 | 65.00 | OK | |
r-patched-linux-x86_64 | 0.1.0 | 1.98 | 22.66 | 24.64 | OK | |
r-release-linux-x86_64 | 0.1.0 | 1.53 | 24.08 | 25.61 | OK | |
r-release-macos-arm64 | 0.1.0 | 15.00 | NOTE | |||
r-release-macos-x86_64 | 0.1.0 | 20.00 | NOTE | |||
r-release-windows-x86_64 | 0.1.0 | 7.00 | 54.00 | 61.00 | OK | |
r-oldrel-macos-arm64 | 0.1.0 | 19.00 | NOTE | |||
r-oldrel-macos-x86_64 | 0.1.0 | 24.00 | NOTE | |||
r-oldrel-windows-ix86+x86_64 | 0.1.0 | 6.00 | 49.00 | 55.00 | OK |
Version: 0.1.0
Check: dependencies in R code
Result: NOTE
Namespace in Imports field not imported from: ‘R.utils’
All declared Imports should be used.
Flavors: r-devel-linux-x86_64-fedora-clang, r-devel-linux-x86_64-fedora-gcc, r-release-macos-arm64, r-release-macos-x86_64, r-oldrel-macos-arm64, r-oldrel-macos-x86_64