CRAN Package Check Results for Package magmaR

Last updated on 2022-05-28 05:53:11 CEST.

Flavor Version Tinstall Tcheck Ttotal Status Flags
r-devel-linux-x86_64-debian-clang 1.0.2 2.98 87.61 90.59 OK
r-devel-linux-x86_64-debian-gcc 1.0.2 2.27 66.23 68.50 OK
r-devel-linux-x86_64-fedora-clang 1.0.2 111.85 OK
r-devel-linux-x86_64-fedora-gcc 1.0.2 96.53 OK
r-devel-windows-x86_64 1.0.2 17.00 113.00 130.00 OK
r-patched-linux-x86_64 1.0.2 3.17 82.69 85.86 OK
r-release-linux-x86_64 1.0.2 2.70 83.87 86.57 OK
r-release-macos-arm64 1.0.2 37.00 OK
r-release-macos-x86_64 1.0.2 40.00 NOTE
r-release-windows-x86_64 1.0.2 25.00 114.00 139.00 OK
r-oldrel-macos-arm64 1.0.2 33.00 OK
r-oldrel-macos-x86_64 1.0.2 36.00 NOTE
r-oldrel-windows-ix86+x86_64 1.0.2 7.00 114.00 121.00 OK

Check Details

Version: 1.0.2
Check: package dependencies
Result: NOTE
    Package suggested but not available for checking: ‘dittoSeq’
Flavors: r-release-macos-x86_64, r-oldrel-macos-x86_64