CRAN Package Check Results for Package manhattanly

Last updated on 2022-01-20 23:52:19 CET.

Flavor Version Tinstall Tcheck Ttotal Status Flags
r-devel-linux-x86_64-debian-clang 0.3.0 OK
r-devel-linux-x86_64-debian-gcc 0.3.0 2.73 33.54 36.27 OK
r-devel-linux-x86_64-fedora-clang 0.3.0 57.31 NOTE
r-devel-linux-x86_64-fedora-gcc 0.3.0 45.64 NOTE
r-devel-windows-x86_64-new-UL 0.3.0 38.00 70.00 108.00 OK
r-devel-windows-x86_64-new-TK 0.3.0 NOTE
r-patched-linux-x86_64 0.3.0 7.88 41.15 49.03 OK
r-release-linux-x86_64 0.3.0 2.40 41.18 43.58 OK
r-release-macos-arm64 0.3.0 NOTE
r-release-macos-x86_64 0.3.0 NOTE
r-release-windows-ix86+x86_64 0.3.0 7.00 52.00 59.00 OK
r-oldrel-macos-x86_64 0.3.0 NOTE
r-oldrel-windows-ix86+x86_64 0.3.0 7.00 55.00 62.00 OK

Check Details

Version: 0.3.0
Check: dependencies in R code
Result: NOTE
    Namespace in Imports field not imported from: ‘ggplot2’
     All declared Imports should be used.
Flavors: r-devel-linux-x86_64-fedora-clang, r-devel-linux-x86_64-fedora-gcc, r-devel-windows-x86_64-new-TK, r-release-macos-arm64, r-release-macos-x86_64, r-oldrel-macos-x86_64