CRAN Package Check Results for Package manydata

Last updated on 2023-11-30 13:48:46 CET.

Flavor Version Tinstall Tcheck Ttotal Status Flags
r-devel-linux-x86_64-debian-clang 0.8.3 10.07 110.85 120.92 OK
r-devel-linux-x86_64-debian-gcc 0.8.3 8.15 82.44 90.59 OK
r-devel-linux-x86_64-fedora-clang 0.8.3 152.55 NOTE
r-devel-linux-x86_64-fedora-gcc 0.8.3 152.72 NOTE
r-devel-windows-x86_64 0.8.3 10.00 111.00 121.00 OK
r-patched-linux-x86_64 0.8.3 7.92 106.95 114.87 OK
r-release-linux-x86_64 0.8.3 6.27 105.05 111.32 OK
r-release-macos-arm64 0.8.3 55.00 OK
r-release-macos-x86_64 0.8.3 122.00 OK
r-release-windows-x86_64 0.8.3 12.00 132.00 144.00 OK
r-oldrel-macos-arm64 0.8.3 53.00 OK
r-oldrel-macos-x86_64 0.8.3 73.00 OK
r-oldrel-windows-x86_64 0.8.3 12.00 152.00 164.00 OK

Check Details

Version: 0.8.3
Check: data for non-ASCII characters
Result: NOTE Note: found 3 marked UTF-8 strings Flavors: r-devel-linux-x86_64-fedora-clang, r-devel-linux-x86_64-fedora-gcc