CRAN Package Check Results for Package mapchina

Last updated on 2022-05-21 17:50:56 CEST.

Flavor Version Tinstall Tcheck Ttotal Status Flags
r-devel-linux-x86_64-debian-clang 0.1.0 3.89 67.40 71.29 OK
r-devel-linux-x86_64-debian-gcc 0.1.0 4.63 50.79 55.42 OK
r-devel-linux-x86_64-fedora-clang 0.1.0 83.52 NOTE
r-devel-linux-x86_64-fedora-gcc 0.1.0 81.45 NOTE
r-devel-windows-x86_64 0.1.0 11.00 78.00 89.00 OK
r-patched-linux-x86_64 0.1.0 4.09 63.46 67.55 OK
r-release-linux-x86_64 0.1.0 4.86 62.91 67.77 OK
r-release-macos-arm64 0.1.0 24.00 NOTE
r-release-macos-x86_64 0.1.0 37.00 NOTE
r-release-windows-x86_64 0.1.0 14.00 81.00 95.00 OK
r-oldrel-macos-arm64 0.1.0 26.00 NOTE
r-oldrel-macos-x86_64 0.1.0 54.00 NOTE
r-oldrel-windows-ix86+x86_64 0.1.0 16.00 75.00 91.00 OK

Check Details

Version: 0.1.0
Check: data for non-ASCII characters
Result: NOTE
     Note: found 11396 marked UTF-8 strings
Flavors: r-devel-linux-x86_64-fedora-clang, r-devel-linux-x86_64-fedora-gcc, r-release-macos-arm64, r-release-macos-x86_64, r-oldrel-macos-arm64, r-oldrel-macos-x86_64

Version: 0.1.0
Check: package dependencies
Result: NOTE
    Package suggested but not available for checking: ‘showtext’
Flavor: r-oldrel-macos-arm64