CRAN Package Check Results for Package mapfit

Last updated on 2022-05-17 21:50:50 CEST.

Flavor Version Tinstall Tcheck Ttotal Status Flags
r-devel-linux-x86_64-debian-clang 0.9.7 80.20 102.30 182.50 NOTE
r-devel-linux-x86_64-debian-gcc 0.9.7 66.33 77.34 143.67 NOTE
r-devel-linux-x86_64-fedora-clang 0.9.7 258.36 NOTE
r-devel-linux-x86_64-fedora-gcc 0.9.7 217.58 NOTE
r-devel-windows-x86_64 0.9.7 124.00 137.00 261.00 NOTE
r-patched-linux-x86_64 0.9.7 65.36 96.07 161.43 NOTE
r-release-linux-x86_64 0.9.7 68.25 96.97 165.22 NOTE
r-release-macos-arm64 0.9.7 63.00 NOTE
r-release-macos-x86_64 0.9.7 83.00 NOTE
r-release-windows-x86_64 0.9.7 148.00 138.00 286.00 NOTE
r-oldrel-macos-arm64 0.9.7 77.00 NOTE
r-oldrel-macos-x86_64 0.9.7 122.00 NOTE
r-oldrel-windows-ix86+x86_64 0.9.7 188.00 157.00 345.00 NOTE

Check Details

Version: 0.9.7
Check: R code for possible problems
Result: NOTE
    cf1.sample: no visible global function definition for 'rexp'
    cf1.sample: no visible global function definition for 'rmultinom'
    dherlang : <anonymous> : <anonymous>: no visible global function
     definition for 'dgamma'
    erhmm.param.kmeans: no visible global function definition for 'kmeans'
    erhmm.param.kmeans: no visible global function definition for 'var'
    erhmm.param.kmeans: no visible global function definition for 'runif'
    gmmpp.param.kmeans: no visible global function definition for 'kmeans'
    gmmpp.param.kmeans: no visible global function definition for 'runif'
    herlang.param.kmeans: no visible global function definition for
     'kmeans'
    herlang.param.kmeans: no visible global function definition for 'var'
    map.param.kmeans: no visible global function definition for 'kmeans'
    map.param.kmeans: no visible global function definition for 'runif'
    ph.param.random: no visible global function definition for 'runif'
    ph.sample: no visible global function definition for 'rmultinom'
    ph.sample: no visible global function definition for 'rexp'
    pherlang : <anonymous> : <anonymous>: no visible global function
     definition for 'pgamma'
    rherlang: no visible global function definition for 'rmultinom'
    rherlang : <anonymous>: no visible global function definition for
     'rgamma'
    Undefined global functions or variables:
     dgamma kmeans pgamma rexp rgamma rmultinom runif var
    Consider adding
     importFrom("stats", "dgamma", "kmeans", "pgamma", "rexp", "rgamma",
     "rmultinom", "runif", "var")
    to your NAMESPACE file.
Flavors: r-devel-linux-x86_64-debian-clang, r-devel-linux-x86_64-debian-gcc, r-devel-linux-x86_64-fedora-clang, r-devel-linux-x86_64-fedora-gcc, r-devel-windows-x86_64, r-patched-linux-x86_64, r-release-linux-x86_64, r-release-macos-arm64, r-release-macos-x86_64, r-release-windows-x86_64, r-oldrel-macos-arm64, r-oldrel-macos-x86_64, r-oldrel-windows-ix86+x86_64

Version: 0.9.7
Check: compiled code
Result: NOTE
    File ‘mapfit/libs/mapfit.so’:
     Found no call to: ‘R_useDynamicSymbols’
    
    It is good practice to register native routines and to disable symbol
    search.
    
    See ‘Writing portable packages’ in the ‘Writing R Extensions’ manual.
Flavors: r-devel-linux-x86_64-fedora-clang, r-devel-linux-x86_64-fedora-gcc