Last updated on 2022-05-26 03:53:13 CEST.
Flavor | Version | Tinstall | Tcheck | Ttotal | Status | Flags |
---|---|---|---|---|---|---|
r-devel-linux-x86_64-debian-clang | 3.4.0 | 7.41 | 49.43 | 56.84 | OK | |
r-devel-linux-x86_64-debian-gcc | 3.4.0 | 6.88 | 37.97 | 44.85 | OK | |
r-devel-linux-x86_64-fedora-clang | 3.4.0 | 70.14 | NOTE | |||
r-devel-linux-x86_64-fedora-gcc | 3.4.0 | 58.65 | OK | |||
r-devel-windows-x86_64 | 3.4.0 | 56.00 | 68.00 | 124.00 | OK | |
r-patched-linux-x86_64 | 3.4.0 | 8.63 | 45.80 | 54.43 | OK | |
r-release-linux-x86_64 | 3.4.0 | OK | ||||
r-release-macos-arm64 | 3.4.0 | 27.00 | OK | |||
r-release-macos-x86_64 | 3.4.0 | 37.00 | OK | |||
r-release-windows-x86_64 | 3.4.0 | 57.00 | 65.00 | 122.00 | OK | |
r-oldrel-macos-arm64 | 3.4.0 | 27.00 | OK | |||
r-oldrel-macos-x86_64 | 3.4.0 | 51.00 | OK | |||
r-oldrel-windows-ix86+x86_64 | 3.4.0 | 31.00 | 73.00 | 104.00 | OK |
Version: 3.4.0
Check: Rd cross-references
Result: NOTE
Undeclared package ‘rgdal’ in Rd xrefs
Flavor: r-devel-linux-x86_64-fedora-clang