CRAN Package Check Results for Package margaret

Last updated on 2023-02-09 06:55:35 CET.

Flavor Version Tinstall Tcheck Ttotal Status Flags
r-devel-linux-x86_64-debian-clang 0.1.4 48.92 185.59 234.51 OK
r-devel-linux-x86_64-debian-gcc 0.1.4 42.42 135.37 177.79 OK
r-devel-linux-x86_64-fedora-clang 0.1.4 292.40 NOTE
r-devel-linux-x86_64-fedora-gcc 0.1.4 287.59 NOTE
r-devel-windows-x86_64 0.1.4 85.00 192.00 277.00 OK
r-patched-linux-x86_64 0.1.4 46.40 174.52 220.92 OK
r-release-linux-x86_64 0.1.4 45.74 180.03 225.77 OK
r-release-macos-arm64 0.1.4 84.00 NOTE
r-release-macos-x86_64 0.1.4 113.00 NOTE
r-release-windows-x86_64 0.1.4 67.00 207.00 274.00 OK
r-oldrel-macos-arm64 0.1.4 88.00 NOTE
r-oldrel-macos-x86_64 0.1.4 110.00 NOTE
r-oldrel-windows-ix86+x86_64 0.1.4 91.00 200.00 291.00 OK

Check Details

Version: 0.1.4
Check: data for non-ASCII characters
Result: NOTE
     Note: found 5210 marked UTF-8 strings
Flavors: r-devel-linux-x86_64-fedora-clang, r-devel-linux-x86_64-fedora-gcc, r-release-macos-arm64, r-release-macos-x86_64, r-oldrel-macos-arm64, r-oldrel-macos-x86_64