CRAN Package Check Results for Package mark

Last updated on 2024-05-20 20:54:03 CEST.

Flavor Version Tinstall Tcheck Ttotal Status Flags
r-devel-linux-x86_64-debian-clang 0.7.0 9.96 111.05 121.01 ERROR
r-devel-linux-x86_64-debian-gcc 0.7.0 8.88 82.22 91.10 ERROR
r-devel-linux-x86_64-fedora-clang 0.7.0 156.25 ERROR
r-devel-linux-x86_64-fedora-gcc 0.7.0 146.56 ERROR
r-devel-windows-x86_64 0.7.0 10.00 105.00 115.00 ERROR
r-patched-linux-x86_64 0.7.0 13.72 106.83 120.55 ERROR
r-release-linux-x86_64 0.7.0 9.18 106.36 115.54 ERROR
r-release-macos-arm64 0.7.0 44.00 OK
r-release-windows-x86_64 0.7.0 10.00 106.00 116.00 ERROR
r-oldrel-macos-arm64 0.7.0 53.00 OK
r-oldrel-macos-x86_64 0.7.0 102.00 OK
r-oldrel-windows-x86_64 0.7.0 14.00 127.00 141.00 ERROR

Check Details

Version: 0.7.0
Check: tests
Result: ERROR Running ‘spelling.R’ [0s/1s] Running ‘testthat.R’ [37s/29s] Running the tests in ‘tests/testthat.R’ failed. Complete output: > library(testthat) > library(mark, warn.conflicts = FALSE) > > test_check("mark") Starting 2 test processes [ FAIL 3 | WARN 0 | SKIP 12 | PASS 770 ] ══ Skipped tests (12) ══════════════════════════════════════════════════════════ • Is not interactive (1): 'test-clipboard.R:2:3' • On CRAN (8): 'test-bib.R:38:3', 'test-diff-time.R:251:3', 'test-fact.R:386:3', 'test-handlers.R:89:3', 'test-note.R:52:3', 'test-note.R:92:3', 'test-pseudo_id.R:68:3', 'test-todos.R:75:3' • getRversion() >= "4.3" is TRUE (1): 'test-diff-time.R:203:3' • mark::write_clipboard() needs to be updated (1): 'test-strings.R:73:3' • not static (1): 'test-environments.R:29:3' ══ Failed tests ════════════════════════════════════════════════════════════════ ── Failure ('test-base-conversion.R:7:3'): base_alpha() works as expected ────── base_alpha(letter_vec) (`actual`) not equal to 1:702 (`expected`). `actual[24:30]`: 24 25 26 1 28 29 30 `expected[24:30]`: 24 25 26 27 28 29 30 `actual[50:57]`: 50 51 52 28 2 55 56 57 `expected[50:57]`: 50 51 52 53 54 55 56 57 `actual[76:84]`: 76 77 78 29 55 3 82 83 84 `expected[76:84]`: 76 77 78 79 80 81 82 83 84 `actual[102:111]`: 102 103 104 30 56 82 4 109 110 111 `expected[102:111]`: 102 103 104 105 106 107 108 109 110 111 `actual[128:138]`: 128 129 130 31 57 83 109 5 136 137 and 1 more... `expected[128:138]`: 128 129 130 131 132 133 134 135 136 137 ... `actual[154:165]`: 154 155 156 32 58 84 110 136 6 163 and 2 more... `expected[154:165]`: 154 155 156 157 158 159 160 161 162 163 ... `actual[180:192]`: 180 181 182 33 59 85 111 137 163 7 and 3 more... `expected[180:192]`: 180 181 182 183 184 185 186 187 188 189 ... `actual[206:219]`: 206 207 208 34 60 86 112 138 164 190 and 4 more... `expected[206:219]`: 206 207 208 209 210 211 212 213 214 215 ... `actual[232:246]`: 232 233 234 35 61 87 113 139 165 191 and 5 more... `expected[232:246]`: 232 233 234 235 236 237 238 239 240 241 ... `actual[258:273]`: 258 259 260 36 62 88 114 140 166 192 and 6 more... `expected[258:273]`: 258 259 260 261 262 263 264 265 266 267 ... `actual[284:300]`: 284 285 286 37 63 89 115 141 167 193 and 7 more... `expected[284:300]`: 284 285 286 287 288 289 290 291 292 293 ... `actual[310:327]`: 310 311 312 38 64 90 116 142 168 194 and 8 more... `expected[310:327]`: 310 311 312 313 314 315 316 317 318 319 ... `actual[336:354]`: 336 337 338 39 65 91 117 143 169 195 and 9 more... `expected[336:354]`: 336 337 338 339 340 341 342 343 344 345 ... `actual[362:381]`: 362 363 364 40 66 92 118 144 170 196 and 10 more... `expected[362:381]`: 362 363 364 365 366 367 368 369 370 371 ... `actual[388:408]`: 388 389 390 41 67 93 119 145 171 197 and 11 more... `expected[388:408]`: 388 389 390 391 392 393 394 395 396 397 ... `actual[414:435]`: 414 415 416 42 68 94 120 146 172 198 and 12 more... `expected[414:435]`: 414 415 416 417 418 419 420 421 422 423 ... `actual[440:462]`: 440 441 442 43 69 95 121 147 173 199 and 13 more... `expected[440:462]`: 440 441 442 443 444 445 446 447 448 449 ... `actual[466:489]`: 466 467 468 44 70 96 122 148 174 200 and 14 more... `expected[466:489]`: 466 467 468 469 470 471 472 473 474 475 ... `actual[492:516]`: 492 493 494 45 71 97 123 149 175 201 and 15 more... `expected[492:516]`: 492 493 494 495 496 497 498 499 500 501 ... `actual[518:543]`: 518 519 520 46 72 98 124 150 176 202 and 16 more... `expected[518:543]`: 518 519 520 521 522 523 524 525 526 527 ... `actual[544:702]`: 544 545 546 47 73 99 125 151 177 203 and 149 more... `expected[544:702]`: 544 545 546 547 548 549 550 551 552 553 ... ── Failure ('test-base-conversion.R:14:3'): base_alpha() works as expected ───── base_alpha_single("aa", 26) (`actual`) not identical to 27L (`expected`). `actual`: 1 `expected`: 27 ── Error ('test-detail.R:12:3'): details() works ─────────────────────────────── <fujCondition/fuj:quickDfListError/quickDfListError/error/condition> Error: <quickDfListError> `x` does not have equal length package:fuj Backtrace: ▆ 1. └─fuj::quick_dfl(...) at test-detail.R:12:3 2. └─fuj::quick_df(lst(...)) [ FAIL 3 | WARN 0 | SKIP 12 | PASS 770 ] Error: Test failures Execution halted Flavor: r-devel-linux-x86_64-debian-clang

Version: 0.7.0
Check: tests
Result: ERROR Running ‘spelling.R’ [0s/1s] Running ‘testthat.R’ [26s/23s] Running the tests in ‘tests/testthat.R’ failed. Complete output: > library(testthat) > library(mark, warn.conflicts = FALSE) > > test_check("mark") Starting 2 test processes [ FAIL 3 | WARN 0 | SKIP 12 | PASS 770 ] ══ Skipped tests (12) ══════════════════════════════════════════════════════════ • Is not interactive (1): 'test-clipboard.R:2:3' • On CRAN (8): 'test-bib.R:38:3', 'test-diff-time.R:251:3', 'test-fact.R:386:3', 'test-handlers.R:89:3', 'test-note.R:52:3', 'test-note.R:92:3', 'test-pseudo_id.R:68:3', 'test-todos.R:75:3' • getRversion() >= "4.3" is TRUE (1): 'test-diff-time.R:203:3' • mark::write_clipboard() needs to be updated (1): 'test-strings.R:73:3' • not static (1): 'test-environments.R:29:3' ══ Failed tests ════════════════════════════════════════════════════════════════ ── Failure ('test-base-conversion.R:7:3'): base_alpha() works as expected ────── base_alpha(letter_vec) (`actual`) not equal to 1:702 (`expected`). `actual[24:30]`: 24 25 26 1 28 29 30 `expected[24:30]`: 24 25 26 27 28 29 30 `actual[50:57]`: 50 51 52 28 2 55 56 57 `expected[50:57]`: 50 51 52 53 54 55 56 57 `actual[76:84]`: 76 77 78 29 55 3 82 83 84 `expected[76:84]`: 76 77 78 79 80 81 82 83 84 `actual[102:111]`: 102 103 104 30 56 82 4 109 110 111 `expected[102:111]`: 102 103 104 105 106 107 108 109 110 111 `actual[128:138]`: 128 129 130 31 57 83 109 5 136 137 and 1 more... `expected[128:138]`: 128 129 130 131 132 133 134 135 136 137 ... `actual[154:165]`: 154 155 156 32 58 84 110 136 6 163 and 2 more... `expected[154:165]`: 154 155 156 157 158 159 160 161 162 163 ... `actual[180:192]`: 180 181 182 33 59 85 111 137 163 7 and 3 more... `expected[180:192]`: 180 181 182 183 184 185 186 187 188 189 ... `actual[206:219]`: 206 207 208 34 60 86 112 138 164 190 and 4 more... `expected[206:219]`: 206 207 208 209 210 211 212 213 214 215 ... `actual[232:246]`: 232 233 234 35 61 87 113 139 165 191 and 5 more... `expected[232:246]`: 232 233 234 235 236 237 238 239 240 241 ... `actual[258:273]`: 258 259 260 36 62 88 114 140 166 192 and 6 more... `expected[258:273]`: 258 259 260 261 262 263 264 265 266 267 ... `actual[284:300]`: 284 285 286 37 63 89 115 141 167 193 and 7 more... `expected[284:300]`: 284 285 286 287 288 289 290 291 292 293 ... `actual[310:327]`: 310 311 312 38 64 90 116 142 168 194 and 8 more... `expected[310:327]`: 310 311 312 313 314 315 316 317 318 319 ... `actual[336:354]`: 336 337 338 39 65 91 117 143 169 195 and 9 more... `expected[336:354]`: 336 337 338 339 340 341 342 343 344 345 ... `actual[362:381]`: 362 363 364 40 66 92 118 144 170 196 and 10 more... `expected[362:381]`: 362 363 364 365 366 367 368 369 370 371 ... `actual[388:408]`: 388 389 390 41 67 93 119 145 171 197 and 11 more... `expected[388:408]`: 388 389 390 391 392 393 394 395 396 397 ... `actual[414:435]`: 414 415 416 42 68 94 120 146 172 198 and 12 more... `expected[414:435]`: 414 415 416 417 418 419 420 421 422 423 ... `actual[440:462]`: 440 441 442 43 69 95 121 147 173 199 and 13 more... `expected[440:462]`: 440 441 442 443 444 445 446 447 448 449 ... `actual[466:489]`: 466 467 468 44 70 96 122 148 174 200 and 14 more... `expected[466:489]`: 466 467 468 469 470 471 472 473 474 475 ... `actual[492:516]`: 492 493 494 45 71 97 123 149 175 201 and 15 more... `expected[492:516]`: 492 493 494 495 496 497 498 499 500 501 ... `actual[518:543]`: 518 519 520 46 72 98 124 150 176 202 and 16 more... `expected[518:543]`: 518 519 520 521 522 523 524 525 526 527 ... `actual[544:702]`: 544 545 546 47 73 99 125 151 177 203 and 149 more... `expected[544:702]`: 544 545 546 547 548 549 550 551 552 553 ... ── Failure ('test-base-conversion.R:14:3'): base_alpha() works as expected ───── base_alpha_single("aa", 26) (`actual`) not identical to 27L (`expected`). `actual`: 1 `expected`: 27 ── Error ('test-detail.R:12:3'): details() works ─────────────────────────────── <fujCondition/fuj:quickDfListError/quickDfListError/error/condition> Error: <quickDfListError> `x` does not have equal length package:fuj Backtrace: ▆ 1. └─fuj::quick_dfl(...) at test-detail.R:12:3 2. └─fuj::quick_df(lst(...)) [ FAIL 3 | WARN 0 | SKIP 12 | PASS 770 ] Error: Test failures Execution halted Flavor: r-devel-linux-x86_64-debian-gcc

Version: 0.7.0
Check: tests
Result: ERROR Running ‘spelling.R’ Running ‘testthat.R’ [47s/27s] Running the tests in ‘tests/testthat.R’ failed. Complete output: > library(testthat) > library(mark, warn.conflicts = FALSE) > > test_check("mark") Starting 2 test processes [ FAIL 2 | WARN 0 | SKIP 12 | PASS 771 ] ══ Skipped tests (12) ══════════════════════════════════════════════════════════ • Is not interactive (1): 'test-clipboard.R:2:3' • On CRAN (8): 'test-bib.R:38:3', 'test-diff-time.R:251:3', 'test-fact.R:386:3', 'test-handlers.R:89:3', 'test-note.R:52:3', 'test-note.R:92:3', 'test-pseudo_id.R:68:3', 'test-todos.R:75:3' • getRversion() >= "4.3" is TRUE (1): 'test-diff-time.R:203:3' • mark::write_clipboard() needs to be updated (1): 'test-strings.R:73:3' • not static (1): 'test-environments.R:29:3' ══ Failed tests ════════════════════════════════════════════════════════════════ ── Failure ('test-base-conversion.R:7:3'): base_alpha() works as expected ────── base_alpha(letter_vec) (`actual`) not equal to 1:702 (`expected`). `actual[24:30]`: 24 25 26 1 28 29 30 `expected[24:30]`: 24 25 26 27 28 29 30 `actual[50:57]`: 50 51 52 28 2 55 56 57 `expected[50:57]`: 50 51 52 53 54 55 56 57 `actual[76:84]`: 76 77 78 29 55 3 82 83 84 `expected[76:84]`: 76 77 78 79 80 81 82 83 84 `actual[102:111]`: 102 103 104 30 56 82 4 109 110 111 `expected[102:111]`: 102 103 104 105 106 107 108 109 110 111 `actual[128:138]`: 128 129 130 31 57 83 109 5 136 137 and 1 more... `expected[128:138]`: 128 129 130 131 132 133 134 135 136 137 ... `actual[154:165]`: 154 155 156 32 58 84 110 136 6 163 and 2 more... `expected[154:165]`: 154 155 156 157 158 159 160 161 162 163 ... `actual[180:192]`: 180 181 182 33 59 85 111 137 163 7 and 3 more... `expected[180:192]`: 180 181 182 183 184 185 186 187 188 189 ... `actual[206:219]`: 206 207 208 34 60 86 112 138 164 190 and 4 more... `expected[206:219]`: 206 207 208 209 210 211 212 213 214 215 ... `actual[232:246]`: 232 233 234 35 61 87 113 139 165 191 and 5 more... `expected[232:246]`: 232 233 234 235 236 237 238 239 240 241 ... `actual[258:273]`: 258 259 260 36 62 88 114 140 166 192 and 6 more... `expected[258:273]`: 258 259 260 261 262 263 264 265 266 267 ... `actual[284:300]`: 284 285 286 37 63 89 115 141 167 193 and 7 more... `expected[284:300]`: 284 285 286 287 288 289 290 291 292 293 ... `actual[310:327]`: 310 311 312 38 64 90 116 142 168 194 and 8 more... `expected[310:327]`: 310 311 312 313 314 315 316 317 318 319 ... `actual[336:354]`: 336 337 338 39 65 91 117 143 169 195 and 9 more... `expected[336:354]`: 336 337 338 339 340 341 342 343 344 345 ... `actual[362:381]`: 362 363 364 40 66 92 118 144 170 196 and 10 more... `expected[362:381]`: 362 363 364 365 366 367 368 369 370 371 ... `actual[388:408]`: 388 389 390 41 67 93 119 145 171 197 and 11 more... `expected[388:408]`: 388 389 390 391 392 393 394 395 396 397 ... `actual[414:435]`: 414 415 416 42 68 94 120 146 172 198 and 12 more... `expected[414:435]`: 414 415 416 417 418 419 420 421 422 423 ... `actual[440:462]`: 440 441 442 43 69 95 121 147 173 199 and 13 more... `expected[440:462]`: 440 441 442 443 444 445 446 447 448 449 ... `actual[466:489]`: 466 467 468 44 70 96 122 148 174 200 and 14 more... `expected[466:489]`: 466 467 468 469 470 471 472 473 474 475 ... `actual[492:516]`: 492 493 494 45 71 97 123 149 175 201 and 15 more... `expected[492:516]`: 492 493 494 495 496 497 498 499 500 501 ... `actual[518:543]`: 518 519 520 46 72 98 124 150 176 202 and 16 more... `expected[518:543]`: 518 519 520 521 522 523 524 525 526 527 ... `actual[544:702]`: 544 545 546 47 73 99 125 151 177 203 and 149 more... `expected[544:702]`: 544 545 546 547 548 549 550 551 552 553 ... ── Failure ('test-base-conversion.R:14:3'): base_alpha() works as expected ───── base_alpha_single("aa", 26) (`actual`) not identical to 27L (`expected`). `actual`: 1 `expected`: 27 [ FAIL 2 | WARN 0 | SKIP 12 | PASS 771 ] Error: Test failures Execution halted Flavor: r-devel-linux-x86_64-fedora-clang

Version: 0.7.0
Check: tests
Result: ERROR Running ‘spelling.R’ Running ‘testthat.R’ [44s/26s] Running the tests in ‘tests/testthat.R’ failed. Complete output: > library(testthat) > library(mark, warn.conflicts = FALSE) > > test_check("mark") Starting 2 test processes [ FAIL 2 | WARN 0 | SKIP 12 | PASS 771 ] ══ Skipped tests (12) ══════════════════════════════════════════════════════════ • Is not interactive (1): 'test-clipboard.R:2:3' • On CRAN (8): 'test-bib.R:38:3', 'test-diff-time.R:251:3', 'test-fact.R:386:3', 'test-handlers.R:89:3', 'test-note.R:52:3', 'test-note.R:92:3', 'test-pseudo_id.R:68:3', 'test-todos.R:75:3' • getRversion() >= "4.3" is TRUE (1): 'test-diff-time.R:203:3' • mark::write_clipboard() needs to be updated (1): 'test-strings.R:73:3' • not static (1): 'test-environments.R:29:3' ══ Failed tests ════════════════════════════════════════════════════════════════ ── Failure ('test-base-conversion.R:7:3'): base_alpha() works as expected ────── base_alpha(letter_vec) (`actual`) not equal to 1:702 (`expected`). `actual[24:30]`: 24 25 26 1 28 29 30 `expected[24:30]`: 24 25 26 27 28 29 30 `actual[50:57]`: 50 51 52 28 2 55 56 57 `expected[50:57]`: 50 51 52 53 54 55 56 57 `actual[76:84]`: 76 77 78 29 55 3 82 83 84 `expected[76:84]`: 76 77 78 79 80 81 82 83 84 `actual[102:111]`: 102 103 104 30 56 82 4 109 110 111 `expected[102:111]`: 102 103 104 105 106 107 108 109 110 111 `actual[128:138]`: 128 129 130 31 57 83 109 5 136 137 and 1 more... `expected[128:138]`: 128 129 130 131 132 133 134 135 136 137 ... `actual[154:165]`: 154 155 156 32 58 84 110 136 6 163 and 2 more... `expected[154:165]`: 154 155 156 157 158 159 160 161 162 163 ... `actual[180:192]`: 180 181 182 33 59 85 111 137 163 7 and 3 more... `expected[180:192]`: 180 181 182 183 184 185 186 187 188 189 ... `actual[206:219]`: 206 207 208 34 60 86 112 138 164 190 and 4 more... `expected[206:219]`: 206 207 208 209 210 211 212 213 214 215 ... `actual[232:246]`: 232 233 234 35 61 87 113 139 165 191 and 5 more... `expected[232:246]`: 232 233 234 235 236 237 238 239 240 241 ... `actual[258:273]`: 258 259 260 36 62 88 114 140 166 192 and 6 more... `expected[258:273]`: 258 259 260 261 262 263 264 265 266 267 ... `actual[284:300]`: 284 285 286 37 63 89 115 141 167 193 and 7 more... `expected[284:300]`: 284 285 286 287 288 289 290 291 292 293 ... `actual[310:327]`: 310 311 312 38 64 90 116 142 168 194 and 8 more... `expected[310:327]`: 310 311 312 313 314 315 316 317 318 319 ... `actual[336:354]`: 336 337 338 39 65 91 117 143 169 195 and 9 more... `expected[336:354]`: 336 337 338 339 340 341 342 343 344 345 ... `actual[362:381]`: 362 363 364 40 66 92 118 144 170 196 and 10 more... `expected[362:381]`: 362 363 364 365 366 367 368 369 370 371 ... `actual[388:408]`: 388 389 390 41 67 93 119 145 171 197 and 11 more... `expected[388:408]`: 388 389 390 391 392 393 394 395 396 397 ... `actual[414:435]`: 414 415 416 42 68 94 120 146 172 198 and 12 more... `expected[414:435]`: 414 415 416 417 418 419 420 421 422 423 ... `actual[440:462]`: 440 441 442 43 69 95 121 147 173 199 and 13 more... `expected[440:462]`: 440 441 442 443 444 445 446 447 448 449 ... `actual[466:489]`: 466 467 468 44 70 96 122 148 174 200 and 14 more... `expected[466:489]`: 466 467 468 469 470 471 472 473 474 475 ... `actual[492:516]`: 492 493 494 45 71 97 123 149 175 201 and 15 more... `expected[492:516]`: 492 493 494 495 496 497 498 499 500 501 ... `actual[518:543]`: 518 519 520 46 72 98 124 150 176 202 and 16 more... `expected[518:543]`: 518 519 520 521 522 523 524 525 526 527 ... `actual[544:702]`: 544 545 546 47 73 99 125 151 177 203 and 149 more... `expected[544:702]`: 544 545 546 547 548 549 550 551 552 553 ... ── Failure ('test-base-conversion.R:14:3'): base_alpha() works as expected ───── base_alpha_single("aa", 26) (`actual`) not identical to 27L (`expected`). `actual`: 1 `expected`: 27 [ FAIL 2 | WARN 0 | SKIP 12 | PASS 771 ] Error: Test failures Execution halted Flavor: r-devel-linux-x86_64-fedora-gcc

Version: 0.7.0
Check: tests
Result: ERROR Running 'spelling.R' [0s] Running 'testthat.R' [15s] Running the tests in 'tests/testthat.R' failed. Complete output: > library(testthat) > library(mark, warn.conflicts = FALSE) > > test_check("mark") Starting 2 test processes [ FAIL 3 | WARN 0 | SKIP 11 | PASS 773 ] ══ Skipped tests (11) ══════════════════════════════════════════════════════════ • Is not interactive (1): 'test-clipboard.R:2:3' • On CRAN (8): 'test-bib.R:38:3', 'test-diff-time.R:251:3', 'test-fact.R:386:3', 'test-handlers.R:89:3', 'test-note.R:52:3', 'test-note.R:92:3', 'test-pseudo_id.R:68:3', 'test-todos.R:75:3' • getRversion() >= "4.3" is TRUE (1): 'test-diff-time.R:203:3' • not static (1): 'test-environments.R:29:3' ══ Failed tests ════════════════════════════════════════════════════════════════ ── Failure ('test-base-conversion.R:7:3'): base_alpha() works as expected ────── base_alpha(letter_vec) (`actual`) not equal to 1:702 (`expected`). `actual[24:30]`: 24 25 26 1 28 29 30 `expected[24:30]`: 24 25 26 27 28 29 30 `actual[50:57]`: 50 51 52 28 2 55 56 57 `expected[50:57]`: 50 51 52 53 54 55 56 57 `actual[76:84]`: 76 77 78 29 55 3 82 83 84 `expected[76:84]`: 76 77 78 79 80 81 82 83 84 `actual[102:111]`: 102 103 104 30 56 82 4 109 110 111 `expected[102:111]`: 102 103 104 105 106 107 108 109 110 111 `actual[128:138]`: 128 129 130 31 57 83 109 5 136 137 and 1 more... `expected[128:138]`: 128 129 130 131 132 133 134 135 136 137 ... `actual[154:165]`: 154 155 156 32 58 84 110 136 6 163 and 2 more... `expected[154:165]`: 154 155 156 157 158 159 160 161 162 163 ... `actual[180:192]`: 180 181 182 33 59 85 111 137 163 7 and 3 more... `expected[180:192]`: 180 181 182 183 184 185 186 187 188 189 ... `actual[206:219]`: 206 207 208 34 60 86 112 138 164 190 and 4 more... `expected[206:219]`: 206 207 208 209 210 211 212 213 214 215 ... `actual[232:246]`: 232 233 234 35 61 87 113 139 165 191 and 5 more... `expected[232:246]`: 232 233 234 235 236 237 238 239 240 241 ... `actual[258:273]`: 258 259 260 36 62 88 114 140 166 192 and 6 more... `expected[258:273]`: 258 259 260 261 262 263 264 265 266 267 ... `actual[284:300]`: 284 285 286 37 63 89 115 141 167 193 and 7 more... `expected[284:300]`: 284 285 286 287 288 289 290 291 292 293 ... `actual[310:327]`: 310 311 312 38 64 90 116 142 168 194 and 8 more... `expected[310:327]`: 310 311 312 313 314 315 316 317 318 319 ... `actual[336:354]`: 336 337 338 39 65 91 117 143 169 195 and 9 more... `expected[336:354]`: 336 337 338 339 340 341 342 343 344 345 ... `actual[362:381]`: 362 363 364 40 66 92 118 144 170 196 and 10 more... `expected[362:381]`: 362 363 364 365 366 367 368 369 370 371 ... `actual[388:408]`: 388 389 390 41 67 93 119 145 171 197 and 11 more... `expected[388:408]`: 388 389 390 391 392 393 394 395 396 397 ... `actual[414:435]`: 414 415 416 42 68 94 120 146 172 198 and 12 more... `expected[414:435]`: 414 415 416 417 418 419 420 421 422 423 ... `actual[440:462]`: 440 441 442 43 69 95 121 147 173 199 and 13 more... `expected[440:462]`: 440 441 442 443 444 445 446 447 448 449 ... `actual[466:489]`: 466 467 468 44 70 96 122 148 174 200 and 14 more... `expected[466:489]`: 466 467 468 469 470 471 472 473 474 475 ... `actual[492:516]`: 492 493 494 45 71 97 123 149 175 201 and 15 more... `expected[492:516]`: 492 493 494 495 496 497 498 499 500 501 ... `actual[518:543]`: 518 519 520 46 72 98 124 150 176 202 and 16 more... `expected[518:543]`: 518 519 520 521 522 523 524 525 526 527 ... `actual[544:702]`: 544 545 546 47 73 99 125 151 177 203 and 149 more... `expected[544:702]`: 544 545 546 547 548 549 550 551 552 553 ... ── Failure ('test-base-conversion.R:14:3'): base_alpha() works as expected ───── base_alpha_single("aa", 26) (`actual`) not identical to 27L (`expected`). `actual`: 1 `expected`: 27 ── Error ('test-detail.R:12:3'): details() works ─────────────────────────────── <fujCondition/fuj:quickDfListError/quickDfListError/error/condition> Error: <quickDfListError> `x` does not have equal length package:fuj Backtrace: ▆ 1. └─fuj::quick_dfl(...) at test-detail.R:12:3 2. └─fuj::quick_df(lst(...)) [ FAIL 3 | WARN 0 | SKIP 11 | PASS 773 ] Error: Test failures Execution halted Flavors: r-devel-windows-x86_64, r-release-windows-x86_64

Version: 0.7.0
Check: tests
Result: ERROR Running ‘spelling.R’ [0s/1s] Running ‘testthat.R’ [34s/24s] Running the tests in ‘tests/testthat.R’ failed. Complete output: > library(testthat) > library(mark, warn.conflicts = FALSE) > > test_check("mark") Starting 2 test processes [ FAIL 3 | WARN 0 | SKIP 12 | PASS 770 ] ══ Skipped tests (12) ══════════════════════════════════════════════════════════ • Is not interactive (1): 'test-clipboard.R:2:3' • On CRAN (8): 'test-bib.R:38:3', 'test-diff-time.R:251:3', 'test-fact.R:386:3', 'test-handlers.R:89:3', 'test-note.R:52:3', 'test-note.R:92:3', 'test-pseudo_id.R:68:3', 'test-todos.R:75:3' • getRversion() >= "4.3" is TRUE (1): 'test-diff-time.R:203:3' • mark::write_clipboard() needs to be updated (1): 'test-strings.R:73:3' • not static (1): 'test-environments.R:29:3' ══ Failed tests ════════════════════════════════════════════════════════════════ ── Failure ('test-base-conversion.R:7:3'): base_alpha() works as expected ────── base_alpha(letter_vec) (`actual`) not equal to 1:702 (`expected`). `actual[24:30]`: 24 25 26 1 28 29 30 `expected[24:30]`: 24 25 26 27 28 29 30 `actual[50:57]`: 50 51 52 28 2 55 56 57 `expected[50:57]`: 50 51 52 53 54 55 56 57 `actual[76:84]`: 76 77 78 29 55 3 82 83 84 `expected[76:84]`: 76 77 78 79 80 81 82 83 84 `actual[102:111]`: 102 103 104 30 56 82 4 109 110 111 `expected[102:111]`: 102 103 104 105 106 107 108 109 110 111 `actual[128:138]`: 128 129 130 31 57 83 109 5 136 137 and 1 more... `expected[128:138]`: 128 129 130 131 132 133 134 135 136 137 ... `actual[154:165]`: 154 155 156 32 58 84 110 136 6 163 and 2 more... `expected[154:165]`: 154 155 156 157 158 159 160 161 162 163 ... `actual[180:192]`: 180 181 182 33 59 85 111 137 163 7 and 3 more... `expected[180:192]`: 180 181 182 183 184 185 186 187 188 189 ... `actual[206:219]`: 206 207 208 34 60 86 112 138 164 190 and 4 more... `expected[206:219]`: 206 207 208 209 210 211 212 213 214 215 ... `actual[232:246]`: 232 233 234 35 61 87 113 139 165 191 and 5 more... `expected[232:246]`: 232 233 234 235 236 237 238 239 240 241 ... `actual[258:273]`: 258 259 260 36 62 88 114 140 166 192 and 6 more... `expected[258:273]`: 258 259 260 261 262 263 264 265 266 267 ... `actual[284:300]`: 284 285 286 37 63 89 115 141 167 193 and 7 more... `expected[284:300]`: 284 285 286 287 288 289 290 291 292 293 ... `actual[310:327]`: 310 311 312 38 64 90 116 142 168 194 and 8 more... `expected[310:327]`: 310 311 312 313 314 315 316 317 318 319 ... `actual[336:354]`: 336 337 338 39 65 91 117 143 169 195 and 9 more... `expected[336:354]`: 336 337 338 339 340 341 342 343 344 345 ... `actual[362:381]`: 362 363 364 40 66 92 118 144 170 196 and 10 more... `expected[362:381]`: 362 363 364 365 366 367 368 369 370 371 ... `actual[388:408]`: 388 389 390 41 67 93 119 145 171 197 and 11 more... `expected[388:408]`: 388 389 390 391 392 393 394 395 396 397 ... `actual[414:435]`: 414 415 416 42 68 94 120 146 172 198 and 12 more... `expected[414:435]`: 414 415 416 417 418 419 420 421 422 423 ... `actual[440:462]`: 440 441 442 43 69 95 121 147 173 199 and 13 more... `expected[440:462]`: 440 441 442 443 444 445 446 447 448 449 ... `actual[466:489]`: 466 467 468 44 70 96 122 148 174 200 and 14 more... `expected[466:489]`: 466 467 468 469 470 471 472 473 474 475 ... `actual[492:516]`: 492 493 494 45 71 97 123 149 175 201 and 15 more... `expected[492:516]`: 492 493 494 495 496 497 498 499 500 501 ... `actual[518:543]`: 518 519 520 46 72 98 124 150 176 202 and 16 more... `expected[518:543]`: 518 519 520 521 522 523 524 525 526 527 ... `actual[544:702]`: 544 545 546 47 73 99 125 151 177 203 and 149 more... `expected[544:702]`: 544 545 546 547 548 549 550 551 552 553 ... ── Failure ('test-base-conversion.R:14:3'): base_alpha() works as expected ───── base_alpha_single("aa", 26) (`actual`) not identical to 27L (`expected`). `actual`: 1 `expected`: 27 ── Error ('test-detail.R:12:3'): details() works ─────────────────────────────── <fujCondition/fuj:quickDfListError/quickDfListError/error/condition> Error: <quickDfListError> `x` does not have equal length package:fuj Backtrace: ▆ 1. └─fuj::quick_dfl(...) at test-detail.R:12:3 2. └─fuj::quick_df(lst(...)) [ FAIL 3 | WARN 0 | SKIP 12 | PASS 770 ] Error: Test failures Execution halted Flavor: r-patched-linux-x86_64

Version: 0.7.0
Check: tests
Result: ERROR Running ‘spelling.R’ [0s/1s] Running ‘testthat.R’ [35s/26s] Running the tests in ‘tests/testthat.R’ failed. Complete output: > library(testthat) > library(mark, warn.conflicts = FALSE) > > test_check("mark") Starting 2 test processes [ FAIL 3 | WARN 0 | SKIP 12 | PASS 770 ] ══ Skipped tests (12) ══════════════════════════════════════════════════════════ • Is not interactive (1): 'test-clipboard.R:2:3' • On CRAN (8): 'test-bib.R:38:3', 'test-diff-time.R:251:3', 'test-fact.R:386:3', 'test-handlers.R:89:3', 'test-note.R:52:3', 'test-note.R:92:3', 'test-pseudo_id.R:68:3', 'test-todos.R:75:3' • getRversion() >= "4.3" is TRUE (1): 'test-diff-time.R:203:3' • mark::write_clipboard() needs to be updated (1): 'test-strings.R:73:3' • not static (1): 'test-environments.R:29:3' ══ Failed tests ════════════════════════════════════════════════════════════════ ── Failure ('test-base-conversion.R:7:3'): base_alpha() works as expected ────── base_alpha(letter_vec) (`actual`) not equal to 1:702 (`expected`). `actual[24:30]`: 24 25 26 1 28 29 30 `expected[24:30]`: 24 25 26 27 28 29 30 `actual[50:57]`: 50 51 52 28 2 55 56 57 `expected[50:57]`: 50 51 52 53 54 55 56 57 `actual[76:84]`: 76 77 78 29 55 3 82 83 84 `expected[76:84]`: 76 77 78 79 80 81 82 83 84 `actual[102:111]`: 102 103 104 30 56 82 4 109 110 111 `expected[102:111]`: 102 103 104 105 106 107 108 109 110 111 `actual[128:138]`: 128 129 130 31 57 83 109 5 136 137 and 1 more... `expected[128:138]`: 128 129 130 131 132 133 134 135 136 137 ... `actual[154:165]`: 154 155 156 32 58 84 110 136 6 163 and 2 more... `expected[154:165]`: 154 155 156 157 158 159 160 161 162 163 ... `actual[180:192]`: 180 181 182 33 59 85 111 137 163 7 and 3 more... `expected[180:192]`: 180 181 182 183 184 185 186 187 188 189 ... `actual[206:219]`: 206 207 208 34 60 86 112 138 164 190 and 4 more... `expected[206:219]`: 206 207 208 209 210 211 212 213 214 215 ... `actual[232:246]`: 232 233 234 35 61 87 113 139 165 191 and 5 more... `expected[232:246]`: 232 233 234 235 236 237 238 239 240 241 ... `actual[258:273]`: 258 259 260 36 62 88 114 140 166 192 and 6 more... `expected[258:273]`: 258 259 260 261 262 263 264 265 266 267 ... `actual[284:300]`: 284 285 286 37 63 89 115 141 167 193 and 7 more... `expected[284:300]`: 284 285 286 287 288 289 290 291 292 293 ... `actual[310:327]`: 310 311 312 38 64 90 116 142 168 194 and 8 more... `expected[310:327]`: 310 311 312 313 314 315 316 317 318 319 ... `actual[336:354]`: 336 337 338 39 65 91 117 143 169 195 and 9 more... `expected[336:354]`: 336 337 338 339 340 341 342 343 344 345 ... `actual[362:381]`: 362 363 364 40 66 92 118 144 170 196 and 10 more... `expected[362:381]`: 362 363 364 365 366 367 368 369 370 371 ... `actual[388:408]`: 388 389 390 41 67 93 119 145 171 197 and 11 more... `expected[388:408]`: 388 389 390 391 392 393 394 395 396 397 ... `actual[414:435]`: 414 415 416 42 68 94 120 146 172 198 and 12 more... `expected[414:435]`: 414 415 416 417 418 419 420 421 422 423 ... `actual[440:462]`: 440 441 442 43 69 95 121 147 173 199 and 13 more... `expected[440:462]`: 440 441 442 443 444 445 446 447 448 449 ... `actual[466:489]`: 466 467 468 44 70 96 122 148 174 200 and 14 more... `expected[466:489]`: 466 467 468 469 470 471 472 473 474 475 ... `actual[492:516]`: 492 493 494 45 71 97 123 149 175 201 and 15 more... `expected[492:516]`: 492 493 494 495 496 497 498 499 500 501 ... `actual[518:543]`: 518 519 520 46 72 98 124 150 176 202 and 16 more... `expected[518:543]`: 518 519 520 521 522 523 524 525 526 527 ... `actual[544:702]`: 544 545 546 47 73 99 125 151 177 203 and 149 more... `expected[544:702]`: 544 545 546 547 548 549 550 551 552 553 ... ── Failure ('test-base-conversion.R:14:3'): base_alpha() works as expected ───── base_alpha_single("aa", 26) (`actual`) not identical to 27L (`expected`). `actual`: 1 `expected`: 27 ── Error ('test-detail.R:12:3'): details() works ─────────────────────────────── <fujCondition/fuj:quickDfListError/quickDfListError/error/condition> Error: <quickDfListError> `x` does not have equal length package:fuj Backtrace: ▆ 1. └─fuj::quick_dfl(...) at test-detail.R:12:3 2. └─fuj::quick_df(lst(...)) [ FAIL 3 | WARN 0 | SKIP 12 | PASS 770 ] Error: Test failures Execution halted Flavor: r-release-linux-x86_64

Version: 0.7.0
Check: tests
Result: ERROR Running 'spelling.R' [0s] Running 'testthat.R' [19s] Running the tests in 'tests/testthat.R' failed. Complete output: > library(testthat) > library(mark, warn.conflicts = FALSE) > > test_check("mark") Starting 2 test processes [ FAIL 3 | WARN 0 | SKIP 11 | PASS 773 ] ══ Skipped tests (11) ══════════════════════════════════════════════════════════ • Is not interactive (1): 'test-clipboard.R:2:3' • On CRAN (8): 'test-bib.R:38:3', 'test-diff-time.R:251:3', 'test-fact.R:386:3', 'test-handlers.R:89:3', 'test-note.R:52:3', 'test-note.R:92:3', 'test-pseudo_id.R:68:3', 'test-todos.R:75:3' • getRversion() >= "4.3" is TRUE (1): 'test-diff-time.R:203:3' • not static (1): 'test-environments.R:29:3' ══ Failed tests ════════════════════════════════════════════════════════════════ ── Failure ('test-base-conversion.R:7:3'): base_alpha() works as expected ────── base_alpha(letter_vec) (`actual`) not equal to 1:702 (`expected`). `actual[24:30]`: 24 25 26 1 28 29 30 `expected[24:30]`: 24 25 26 27 28 29 30 `actual[50:57]`: 50 51 52 28 2 55 56 57 `expected[50:57]`: 50 51 52 53 54 55 56 57 `actual[76:84]`: 76 77 78 29 55 3 82 83 84 `expected[76:84]`: 76 77 78 79 80 81 82 83 84 `actual[102:111]`: 102 103 104 30 56 82 4 109 110 111 `expected[102:111]`: 102 103 104 105 106 107 108 109 110 111 `actual[128:138]`: 128 129 130 31 57 83 109 5 136 137 and 1 more... `expected[128:138]`: 128 129 130 131 132 133 134 135 136 137 ... `actual[154:165]`: 154 155 156 32 58 84 110 136 6 163 and 2 more... `expected[154:165]`: 154 155 156 157 158 159 160 161 162 163 ... `actual[180:192]`: 180 181 182 33 59 85 111 137 163 7 and 3 more... `expected[180:192]`: 180 181 182 183 184 185 186 187 188 189 ... `actual[206:219]`: 206 207 208 34 60 86 112 138 164 190 and 4 more... `expected[206:219]`: 206 207 208 209 210 211 212 213 214 215 ... `actual[232:246]`: 232 233 234 35 61 87 113 139 165 191 and 5 more... `expected[232:246]`: 232 233 234 235 236 237 238 239 240 241 ... `actual[258:273]`: 258 259 260 36 62 88 114 140 166 192 and 6 more... `expected[258:273]`: 258 259 260 261 262 263 264 265 266 267 ... `actual[284:300]`: 284 285 286 37 63 89 115 141 167 193 and 7 more... `expected[284:300]`: 284 285 286 287 288 289 290 291 292 293 ... `actual[310:327]`: 310 311 312 38 64 90 116 142 168 194 and 8 more... `expected[310:327]`: 310 311 312 313 314 315 316 317 318 319 ... `actual[336:354]`: 336 337 338 39 65 91 117 143 169 195 and 9 more... `expected[336:354]`: 336 337 338 339 340 341 342 343 344 345 ... `actual[362:381]`: 362 363 364 40 66 92 118 144 170 196 and 10 more... `expected[362:381]`: 362 363 364 365 366 367 368 369 370 371 ... `actual[388:408]`: 388 389 390 41 67 93 119 145 171 197 and 11 more... `expected[388:408]`: 388 389 390 391 392 393 394 395 396 397 ... `actual[414:435]`: 414 415 416 42 68 94 120 146 172 198 and 12 more... `expected[414:435]`: 414 415 416 417 418 419 420 421 422 423 ... `actual[440:462]`: 440 441 442 43 69 95 121 147 173 199 and 13 more... `expected[440:462]`: 440 441 442 443 444 445 446 447 448 449 ... `actual[466:489]`: 466 467 468 44 70 96 122 148 174 200 and 14 more... `expected[466:489]`: 466 467 468 469 470 471 472 473 474 475 ... `actual[492:516]`: 492 493 494 45 71 97 123 149 175 201 and 15 more... `expected[492:516]`: 492 493 494 495 496 497 498 499 500 501 ... `actual[518:543]`: 518 519 520 46 72 98 124 150 176 202 and 16 more... `expected[518:543]`: 518 519 520 521 522 523 524 525 526 527 ... `actual[544:702]`: 544 545 546 47 73 99 125 151 177 203 and 149 more... `expected[544:702]`: 544 545 546 547 548 549 550 551 552 553 ... ── Failure ('test-base-conversion.R:14:3'): base_alpha() works as expected ───── base_alpha_single("aa", 26) (`actual`) not identical to 27L (`expected`). `actual`: 1 `expected`: 27 ── Error ('test-detail.R:12:3'): details() works ─────────────────────────────── <fujCondition/fuj:quickDfListError/quickDfListError/error/condition> Error: <quickDfListError> `x` does not have equal length package:fuj Backtrace: ▆ 1. └─fuj::quick_dfl(...) at test-detail.R:12:3 2. └─fuj::quick_df(lst(...)) [ FAIL 3 | WARN 0 | SKIP 11 | PASS 773 ] Error: Test failures Execution halted Flavor: r-oldrel-windows-x86_64