CRAN Package Check Results for Package markovchain

Last updated on 2022-01-24 16:51:18 CET.

Flavor Version Tinstall Tcheck Ttotal Status Flags
r-devel-linux-x86_64-debian-clang 0.8.6 159.51 321.13 480.64 OK
r-devel-linux-x86_64-debian-gcc 0.8.6 131.12 234.44 365.56 OK
r-devel-linux-x86_64-fedora-clang 0.8.6 640.08 NOTE
r-devel-linux-x86_64-fedora-gcc 0.8.6 614.27 OK
r-devel-windows-x86_64-new-UL 0.8.6 384.00 483.00 867.00 OK
r-devel-windows-x86_64-new-TK 0.8.6 OK
r-patched-linux-x86_64 0.8.6 154.44 316.78 471.22 OK
r-release-linux-x86_64 0.8.6 155.54 311.67 467.21 OK
r-release-macos-arm64 0.8.6 NOTE
r-release-macos-x86_64 0.8.6 NOTE
r-release-windows-ix86+x86_64 0.8.6 389.00 483.00 872.00 OK
r-oldrel-macos-x86_64 0.8.6 NOTE
r-oldrel-windows-ix86+x86_64 0.8.6 389.00 492.00 881.00 OK

Check Details

Version: 0.8.6
Check: installed package size
Result: NOTE
     installed size is 10.2Mb
     sub-directories of 1Mb or more:
     libs 8.5Mb
Flavors: r-devel-linux-x86_64-fedora-clang, r-release-macos-arm64, r-release-macos-x86_64, r-oldrel-macos-x86_64