CRAN Package Check Results for Package marqLevAlg

Last updated on 2022-05-20 18:49:19 CEST.

Flavor Version Tinstall Tcheck Ttotal Status Flags
r-devel-linux-x86_64-debian-clang 2.0.6 3.65 205.24 208.89 OK
r-devel-linux-x86_64-debian-gcc 2.0.6 4.28 142.12 146.40 OK
r-devel-linux-x86_64-fedora-clang 2.0.6 233.42 OK
r-devel-linux-x86_64-fedora-gcc 2.0.6 228.80 OK
r-devel-windows-x86_64 2.0.6 22.00 288.00 310.00 OK
r-patched-linux-x86_64 2.0.6 4.27 184.02 188.29 OK
r-release-linux-x86_64 2.0.6 3.82 190.06 193.88 OK
r-release-macos-arm64 2.0.6 90.00 WARN
r-release-macos-x86_64 2.0.6 103.00 WARN
r-release-windows-x86_64 2.0.6 29.00 300.00 329.00 OK
r-oldrel-macos-arm64 2.0.6 101.00 WARN
r-oldrel-macos-x86_64 2.0.6 82.00 OK
r-oldrel-windows-ix86+x86_64 2.0.6 14.00 252.00 266.00 OK

Check Details

Version: 2.0.6
Check: re-building of vignette outputs
Result: WARN
    Error(s) in re-building vignettes:
    --- re-building ‘mla.Rmd’ using rmarkdown
    starting worker pid=80608 on localhost:11126 at 09:34:09.978
    starting worker pid=80607 on localhost:11126 at 09:34:09.997
    Loading required package: marqLevAlg
    Loading required package: marqLevAlg
    loaded marqLevAlg and set parent environment
    loaded marqLevAlg and set parent environment
    loaded marqLevAlg and set parent environment
    loaded marqLevAlg and set parent environment
    loaded marqLevAlg and set parent environment
    loaded marqLevAlg and set parent environment
    loaded marqLevAlg and set parent environment
    loaded marqLevAlg and set parent environment
    loaded marqLevAlg and set parent environment
    loaded marqLevAlg and set parent environment
    loaded marqLevAlg and set parent environment
    loaded marqLevAlg and set parent environment
    loaded marqLevAlg and set parent environment
    loaded marqLevAlg and set parent environment
    loaded marqLevAlg and set parent environment
    loaded marqLevAlg and set parent environment
    loaded marqLevAlg and set parent environment
    loaded marqLevAlg and set parent environment
    loaded marqLevAlg and set parent environment
    loaded marqLevAlg and set parent environment
    loaded marqLevAlg and set parent environment
    loaded marqLevAlg and set parent environment
    loaded marqLevAlg and set parent environment
    loaded marqLevAlg and set parent environment
    loaded marqLevAlg and set parent environment
    loaded marqLevAlg and set parent environment
    loaded marqLevAlg and set parent environment
    loaded marqLevAlg and set parent environment
    loaded marqLevAlg and set parent environment
    loaded marqLevAlg and set parent environment
    loaded marqLevAlg and set parent environment
    loaded marqLevAlg and set parent environment
    loaded marqLevAlg and set parent environment
    loaded marqLevAlg and set parent environment
    loaded marqLevAlg and set parent environment
    loaded marqLevAlg and set parent environment
    loaded marqLevAlg and set parent environment
    loaded marqLevAlg and set parent environment
    loaded marqLevAlg and set parent environment
    loaded marqLevAlg and set parent environment
    loaded marqLevAlg and set parent environment
    loaded marqLevAlg and set parent environment
    loaded marqLevAlg and set parent environment
    loaded marqLevAlg and set parent environment
    loaded marqLevAlg and set parent environment
    loaded marqLevAlg and set parent environment
    loaded marqLevAlg and set parent environment
    loaded marqLevAlg and set parent environment
    loaded marqLevAlg and set parent environment
    loaded marqLevAlg and set parent environment
    loaded marqLevAlg and set parent environment
    loaded marqLevAlg and set parent environment
    loaded marqLevAlg and set parent environment
    loaded marqLevAlg and set parent environment
    loaded marqLevAlg and set parent environment
    loaded marqLevAlg and set parent environment
    loaded marqLevAlg and set parent environment
    loaded marqLevAlg and set parent environment
    loaded marqLevAlg and set parent environment
    loaded marqLevAlg and set parent environment
    loaded marqLevAlg and set parent environment
    loaded marqLevAlg and set parent environment
    loaded marqLevAlg and set parent environment
    loaded marqLevAlg and set parent environment
    loaded marqLevAlg and set parent environment
    loaded marqLevAlg and set parent environment
    loaded marqLevAlg and set parent environment
    loaded marqLevAlg and set parent environment
    loaded marqLevAlg and set parent environment
    loaded marqLevAlg and set parent environment
    loaded marqLevAlg and set parent environment
    loaded marqLevAlg and set parent environment
    loaded marqLevAlg and set parent environment
    loaded marqLevAlg and set parent environment
    loaded marqLevAlg and set parent environment
    loaded marqLevAlg and set parent environment
    ! LaTeX Error: File `orcidlink.sty' not found.
    
    ! Emergency stop.
    <read *>
    
    Error: processing vignette 'mla.Rmd' failed with diagnostics:
    LaTeX failed to compile /Volumes/Builds/packages/big-sur-arm64/results/4.2/marqLevAlg.Rcheck/vign_test/marqLevAlg/vignettes/mla.tex. See https://yihui.org/tinytex/r/#debugging for debugging tips. See mla.log for more info.
    --- failed re-building ‘mla.Rmd’
    
    SUMMARY: processing the following file failed:
     ‘mla.Rmd’
    
    Error: Vignette re-building failed.
    Execution halted
Flavor: r-release-macos-arm64

Version: 2.0.6
Check: re-building of vignette outputs
Result: WARN
    Error(s) in re-building vignettes:
    --- re-building ‘mla.Rmd’ using rmarkdown
    starting worker pid=21078 on localhost:11100 at 23:14:15.728
    starting worker pid=21079 on localhost:11100 at 23:14:15.737
    Loading required package: marqLevAlg
    Loading required package: marqLevAlg
    loaded marqLevAlg and set parent environment
    loaded marqLevAlg and set parent environment
    loaded marqLevAlg and set parent environment
    loaded marqLevAlg and set parent environment
    loaded marqLevAlg and set parent environment
    loaded marqLevAlg and set parent environment
    loaded marqLevAlg and set parent environment
    loaded marqLevAlg and set parent environment
    loaded marqLevAlg and set parent environment
    loaded marqLevAlg and set parent environment
    loaded marqLevAlg and set parent environment
    loaded marqLevAlg and set parent environment
    loaded marqLevAlg and set parent environment
    loaded marqLevAlg and set parent environment
    loaded marqLevAlg and set parent environment
    loaded marqLevAlg and set parent environment
    loaded marqLevAlg and set parent environment
    loaded marqLevAlg and set parent environment
    loaded marqLevAlg and set parent environment
    loaded marqLevAlg and set parent environment
    loaded marqLevAlg and set parent environment
    loaded marqLevAlg and set parent environment
    loaded marqLevAlg and set parent environment
    loaded marqLevAlg and set parent environment
    loaded marqLevAlg and set parent environment
    loaded marqLevAlg and set parent environment
    loaded marqLevAlg and set parent environment
    loaded marqLevAlg and set parent environment
    loaded marqLevAlg and set parent environment
    loaded marqLevAlg and set parent environment
    loaded marqLevAlg and set parent environment
    loaded marqLevAlg and set parent environment
    loaded marqLevAlg and set parent environment
    loaded marqLevAlg and set parent environment
    loaded marqLevAlg and set parent environment
    loaded marqLevAlg and set parent environment
    loaded marqLevAlg and set parent environment
    loaded marqLevAlg and set parent environment
    loaded marqLevAlg and set parent environment
    loaded marqLevAlg and set parent environment
    loaded marqLevAlg and set parent environment
    loaded marqLevAlg and set parent environment
    loaded marqLevAlg and set parent environment
    loaded marqLevAlg and set parent environment
    loaded marqLevAlg and set parent environment
    loaded marqLevAlg and set parent environment
    loaded marqLevAlg and set parent environment
    loaded marqLevAlg and set parent environment
    loaded marqLevAlg and set parent environment
    loaded marqLevAlg and set parent environment
    loaded marqLevAlg and set parent environment
    loaded marqLevAlg and set parent environment
    loaded marqLevAlg and set parent environment
    loaded marqLevAlg and set parent environment
    loaded marqLevAlg and set parent environment
    loaded marqLevAlg and set parent environment
    loaded marqLevAlg and set parent environment
    loaded marqLevAlg and set parent environment
    loaded marqLevAlg and set parent environment
    loaded marqLevAlg and set parent environment
    loaded marqLevAlg and set parent environment
    loaded marqLevAlg and set parent environment
    loaded marqLevAlg and set parent environment
    loaded marqLevAlg and set parent environment
    loaded marqLevAlg and set parent environment
    loaded marqLevAlg and set parent environment
    loaded marqLevAlg and set parent environment
    loaded marqLevAlg and set parent environment
    loaded marqLevAlg and set parent environment
    loaded marqLevAlg and set parent environment
    loaded marqLevAlg and set parent environment
    loaded marqLevAlg and set parent environment
    loaded marqLevAlg and set parent environment
    loaded marqLevAlg and set parent environment
    loaded marqLevAlg and set parent environment
    loaded marqLevAlg and set parent environment
    ! LaTeX Error: File `orcidlink.sty' not found.
    
    ! Emergency stop.
    <read *>
    
    Error: processing vignette 'mla.Rmd' failed with diagnostics:
    LaTeX failed to compile /Volumes/Builds/packages/high-sierra-x86_64/results/4.2/marqLevAlg.Rcheck/vign_test/marqLevAlg/vignettes/mla.tex. See https://yihui.org/tinytex/r/#debugging for debugging tips. See mla.log for more info.
    --- failed re-building ‘mla.Rmd’
    
    SUMMARY: processing the following file failed:
     ‘mla.Rmd’
    
    Error: Vignette re-building failed.
    Execution halted
Flavor: r-release-macos-x86_64

Version: 2.0.6
Check: re-building of vignette outputs
Result: WARN
    Error(s) in re-building vignettes:
    --- re-building ‘mla.Rmd’ using rmarkdown
    starting worker pid=35630 on localhost:11968 at 07:29:55.383
    starting worker pid=35631 on localhost:11968 at 07:29:55.384
    Loading required package: marqLevAlg
    Loading required package: marqLevAlg
    loaded marqLevAlg and set parent environment
    loaded marqLevAlg and set parent environment
    loaded marqLevAlg and set parent environment
    loaded marqLevAlg and set parent environment
    loaded marqLevAlg and set parent environment
    loaded marqLevAlg and set parent environment
    loaded marqLevAlg and set parent environment
    loaded marqLevAlg and set parent environment
    loaded marqLevAlg and set parent environment
    loaded marqLevAlg and set parent environment
    loaded marqLevAlg and set parent environment
    loaded marqLevAlg and set parent environment
    loaded marqLevAlg and set parent environment
    loaded marqLevAlg and set parent environment
    loaded marqLevAlg and set parent environment
    loaded marqLevAlg and set parent environment
    loaded marqLevAlg and set parent environment
    loaded marqLevAlg and set parent environment
    loaded marqLevAlg and set parent environment
    loaded marqLevAlg and set parent environment
    loaded marqLevAlg and set parent environment
    loaded marqLevAlg and set parent environment
    loaded marqLevAlg and set parent environment
    loaded marqLevAlg and set parent environment
    loaded marqLevAlg and set parent environment
    loaded marqLevAlg and set parent environment
    loaded marqLevAlg and set parent environment
    loaded marqLevAlg and set parent environment
    loaded marqLevAlg and set parent environment
    loaded marqLevAlg and set parent environment
    loaded marqLevAlg and set parent environment
    loaded marqLevAlg and set parent environment
    loaded marqLevAlg and set parent environment
    loaded marqLevAlg and set parent environment
    loaded marqLevAlg and set parent environment
    loaded marqLevAlg and set parent environment
    loaded marqLevAlg and set parent environment
    loaded marqLevAlg and set parent environment
    loaded marqLevAlg and set parent environment
    loaded marqLevAlg and set parent environment
    loaded marqLevAlg and set parent environment
    loaded marqLevAlg and set parent environment
    loaded marqLevAlg and set parent environment
    loaded marqLevAlg and set parent environment
    loaded marqLevAlg and set parent environment
    loaded marqLevAlg and set parent environment
    loaded marqLevAlg and set parent environment
    loaded marqLevAlg and set parent environment
    loaded marqLevAlg and set parent environment
    loaded marqLevAlg and set parent environment
    loaded marqLevAlg and set parent environment
    loaded marqLevAlg and set parent environment
    loaded marqLevAlg and set parent environment
    loaded marqLevAlg and set parent environment
    loaded marqLevAlg and set parent environment
    loaded marqLevAlg and set parent environment
    loaded marqLevAlg and set parent environment
    loaded marqLevAlg and set parent environment
    loaded marqLevAlg and set parent environment
    loaded marqLevAlg and set parent environment
    loaded marqLevAlg and set parent environment
    loaded marqLevAlg and set parent environment
    loaded marqLevAlg and set parent environment
    loaded marqLevAlg and set parent environment
    loaded marqLevAlg and set parent environment
    loaded marqLevAlg and set parent environment
    loaded marqLevAlg and set parent environment
    loaded marqLevAlg and set parent environment
    loaded marqLevAlg and set parent environment
    loaded marqLevAlg and set parent environment
    loaded marqLevAlg and set parent environment
    loaded marqLevAlg and set parent environment
    loaded marqLevAlg and set parent environment
    loaded marqLevAlg and set parent environment
    loaded marqLevAlg and set parent environment
    loaded marqLevAlg and set parent environment
    ! LaTeX Error: File `orcidlink.sty' not found.
    
    ! Emergency stop.
    <read *>
    
    Error: processing vignette 'mla.Rmd' failed with diagnostics:
    LaTeX failed to compile /Volumes/Builds/packages/big-sur-arm64/results/4.1/marqLevAlg.Rcheck/vign_test/marqLevAlg/vignettes/mla.tex. See https://yihui.org/tinytex/r/#debugging for debugging tips. See mla.log for more info.
    --- failed re-building ‘mla.Rmd’
    
    SUMMARY: processing the following file failed:
     ‘mla.Rmd’
    
    Error: Vignette re-building failed.
    Execution halted
Flavor: r-oldrel-macos-arm64