Last updated on 2022-05-29 09:52:49 CEST.
Flavor | Version | Tinstall | Tcheck | Ttotal | Status | Flags |
---|---|---|---|---|---|---|
r-devel-linux-x86_64-debian-clang | 0.2.57 | 77.74 | 321.52 | 399.26 | NOTE | |
r-devel-linux-x86_64-debian-gcc | 0.2.57 | 53.93 | 236.33 | 290.26 | NOTE | |
r-devel-linux-x86_64-fedora-clang | 0.2.57 | 479.01 | NOTE | |||
r-devel-linux-x86_64-fedora-gcc | 0.2.57 | 450.38 | NOTE | |||
r-devel-windows-x86_64 | 0.2.57 | 93.00 | 364.00 | 457.00 | NOTE | |
r-patched-linux-x86_64 | 0.2.57 | 66.94 | 311.03 | 377.97 | NOTE | |
r-release-linux-x86_64 | 0.2.57 | 60.91 | 308.69 | 369.60 | NOTE | |
r-release-macos-arm64 | 0.2.57 | 148.00 | NOTE | |||
r-release-macos-x86_64 | 0.2.57 | 177.00 | NOTE | |||
r-release-windows-x86_64 | 0.2.57 | 96.00 | 381.00 | 477.00 | NOTE | |
r-oldrel-macos-arm64 | 0.2.57 | 144.00 | NOTE | |||
r-oldrel-macos-x86_64 | 0.2.57 | 175.00 | NOTE | |||
r-oldrel-windows-ix86+x86_64 | 0.2.57 | 158.00 | 505.00 | 663.00 | NOTE |
Version: 0.2.57
Check: package dependencies
Result: NOTE
Package suggested but not available for checking: 'flashr'
Flavors: r-devel-linux-x86_64-debian-clang, r-devel-linux-x86_64-debian-gcc, r-devel-linux-x86_64-fedora-clang, r-devel-linux-x86_64-fedora-gcc, r-devel-windows-x86_64, r-patched-linux-x86_64, r-release-linux-x86_64, r-release-macos-arm64, r-release-macos-x86_64, r-release-windows-x86_64, r-oldrel-macos-arm64, r-oldrel-macos-x86_64, r-oldrel-windows-ix86+x86_64
Version: 0.2.57
Check: installed package size
Result: NOTE
installed size is 8.5Mb
sub-directories of 1Mb or more:
libs 7.6Mb
Flavors: r-release-macos-arm64, r-release-macos-x86_64, r-oldrel-macos-arm64, r-oldrel-macos-x86_64