Last updated on 2022-05-22 11:51:46 CEST.
Flavor | Version | Tinstall | Tcheck | Ttotal | Status | Flags |
---|---|---|---|---|---|---|
r-devel-linux-x86_64-debian-clang | 1.0-2 | 208.57 | 177.14 | 385.71 | OK | |
r-devel-linux-x86_64-debian-gcc | 1.0-2 | 174.98 | 133.95 | 308.93 | OK | |
r-devel-linux-x86_64-fedora-clang | 1.0-2 | 562.87 | NOTE | |||
r-devel-linux-x86_64-fedora-gcc | 1.0-2 | 494.14 | OK | |||
r-devel-windows-x86_64 | 1.0-2 | 227.00 | 271.00 | 498.00 | NOTE | |
r-patched-linux-x86_64 | 1.0-2 | 172.63 | 172.38 | 345.01 | OK | |
r-release-linux-x86_64 | 1.0-2 | 173.61 | 173.57 | 347.18 | OK | |
r-release-macos-arm64 | 1.0-2 | 136.00 | NOTE | |||
r-release-macos-x86_64 | 1.0-2 | 157.00 | NOTE | |||
r-release-windows-x86_64 | 1.0-2 | 226.00 | 274.00 | 500.00 | NOTE | |
r-oldrel-macos-arm64 | 1.0-2 | 182.00 | NOTE | |||
r-oldrel-macos-x86_64 | 1.0-2 | 226.00 | NOTE | |||
r-oldrel-windows-ix86+x86_64 | 1.0-2 | 500.00 | 229.00 | 729.00 | NOTE |
Version: 1.0-2
Check: installed package size
Result: NOTE
installed size is 11.9Mb
sub-directories of 1Mb or more:
java 3.3Mb
libs 7.4Mb
Flavors: r-devel-linux-x86_64-fedora-clang, r-devel-windows-x86_64, r-release-macos-arm64, r-release-macos-x86_64, r-release-windows-x86_64, r-oldrel-macos-arm64, r-oldrel-macos-x86_64, r-oldrel-windows-ix86+x86_64