Last updated on 2023-05-30 14:56:50 CEST.
Flavor | Version | Tinstall | Tcheck | Ttotal | Status | Flags |
---|---|---|---|---|---|---|
r-devel-linux-x86_64-debian-clang | 0.8.2 | 23.53 | 60.45 | 83.98 | NOTE | |
r-devel-linux-x86_64-debian-gcc | 0.8.2 | 16.73 | 46.14 | 62.87 | NOTE | |
r-devel-linux-x86_64-fedora-clang | 0.8.2 | 114.48 | NOTE | |||
r-devel-linux-x86_64-fedora-gcc | 0.8.2 | 115.43 | NOTE | |||
r-devel-windows-x86_64 | 0.8.2 | 23.00 | 91.00 | 114.00 | NOTE | |
r-patched-linux-x86_64 | 0.8.2 | 18.20 | 57.31 | 75.51 | NOTE | |
r-release-linux-x86_64 | 0.8.2 | 18.94 | 56.58 | 75.52 | NOTE | |
r-release-macos-arm64 | 0.8.2 | 44.00 | NOTE | |||
r-release-macos-x86_64 | 0.8.2 | 64.00 | NOTE | |||
r-release-windows-x86_64 | 0.8.2 | 26.00 | 100.00 | 126.00 | NOTE | |
r-oldrel-macos-arm64 | 0.8.2 | 35.00 | NOTE | |||
r-oldrel-macos-x86_64 | 0.8.2 | 62.00 | NOTE | |||
r-oldrel-windows-x86_64 | 0.8.2 | 25.00 | 104.00 | 129.00 | NOTE |
Version: 0.8.2
Check: LazyData
Result: NOTE
'LazyData' is specified without a 'data' directory
Flavors: r-devel-linux-x86_64-debian-clang, r-devel-linux-x86_64-debian-gcc, r-devel-linux-x86_64-fedora-clang, r-devel-linux-x86_64-fedora-gcc, r-devel-windows-x86_64, r-patched-linux-x86_64, r-release-linux-x86_64, r-release-macos-arm64, r-release-macos-x86_64, r-release-windows-x86_64, r-oldrel-macos-arm64, r-oldrel-macos-x86_64, r-oldrel-windows-x86_64