CRAN Package Check Results for Package matricks

Last updated on 2022-05-17 14:51:27 CEST.

Flavor Version Tinstall Tcheck Ttotal Status Flags
r-devel-linux-x86_64-debian-clang 0.8.2 20.96 76.93 97.89 NOTE
r-devel-linux-x86_64-debian-gcc 0.8.2 16.89 57.17 74.06 NOTE
r-devel-linux-x86_64-fedora-clang 0.8.2 124.43 NOTE
r-devel-linux-x86_64-fedora-gcc 0.8.2 116.14 NOTE
r-devel-windows-x86_64 0.8.2 42.00 123.00 165.00 NOTE
r-patched-linux-x86_64 0.8.2 21.91 70.99 92.90 NOTE
r-release-linux-x86_64 0.8.2 18.71 72.29 91.00 NOTE
r-release-macos-arm64 0.8.2 35.00 NOTE
r-release-macos-x86_64 0.8.2 62.00 NOTE
r-release-windows-x86_64 0.8.2 38.00 120.00 158.00 NOTE
r-oldrel-macos-arm64 0.8.2 45.00 NOTE
r-oldrel-macos-x86_64 0.8.2 54.00 NOTE
r-oldrel-windows-ix86+x86_64 0.8.2 58.00 129.00 187.00 NOTE

Check Details

Version: 0.8.2
Check: LazyData
Result: NOTE
     'LazyData' is specified without a 'data' directory
Flavors: r-devel-linux-x86_64-debian-clang, r-devel-linux-x86_64-debian-gcc, r-devel-linux-x86_64-fedora-clang, r-devel-linux-x86_64-fedora-gcc, r-devel-windows-x86_64, r-patched-linux-x86_64, r-release-linux-x86_64, r-release-macos-arm64, r-release-macos-x86_64, r-release-windows-x86_64, r-oldrel-macos-arm64, r-oldrel-macos-x86_64, r-oldrel-windows-ix86+x86_64