Last updated on 2022-05-23 00:51:00 CEST.
Flavor | Version | Tinstall | Tcheck | Ttotal | Status | Flags |
---|---|---|---|---|---|---|
r-devel-linux-x86_64-debian-clang | 0.1.0 | 2.49 | 41.66 | 44.15 | NOTE | |
r-devel-linux-x86_64-debian-gcc | 0.1.0 | 1.66 | 32.88 | 34.54 | NOTE | |
r-devel-linux-x86_64-fedora-clang | 0.1.0 | 53.88 | NOTE | |||
r-devel-linux-x86_64-fedora-gcc | 0.1.0 | 41.66 | NOTE | |||
r-devel-windows-x86_64 | 0.1.0 | 55.00 | 61.00 | 116.00 | OK | |
r-patched-linux-x86_64 | 0.1.0 | 1.80 | 40.41 | 42.21 | NOTE | |
r-release-linux-x86_64 | 0.1.0 | 1.88 | 40.22 | 42.10 | NOTE | |
r-release-macos-arm64 | 0.1.0 | 18.00 | OK | |||
r-release-macos-x86_64 | 0.1.0 | 25.00 | OK | |||
r-release-windows-x86_64 | 0.1.0 | 131.00 | 61.00 | 192.00 | OK | |
r-oldrel-macos-arm64 | 0.1.0 | 17.00 | OK | |||
r-oldrel-macos-x86_64 | 0.1.0 | 46.00 | OK | |||
r-oldrel-windows-ix86+x86_64 | 0.1.0 | 5.00 | 55.00 | 60.00 | OK |
Version: 0.1.0
Check: package dependencies
Result: NOTE
Package suggested but not available for checking: 'MBSP'
Flavors: r-devel-linux-x86_64-debian-clang, r-devel-linux-x86_64-debian-gcc, r-devel-linux-x86_64-fedora-clang, r-devel-linux-x86_64-fedora-gcc, r-patched-linux-x86_64, r-release-linux-x86_64