Last updated on 2022-05-26 02:50:13 CEST.
Flavor | Version | Tinstall | Tcheck | Ttotal | Status | Flags |
---|---|---|---|---|---|---|
r-devel-linux-x86_64-debian-clang | 5.4.10 | 38.89 | 251.72 | 290.61 | OK | |
r-devel-linux-x86_64-debian-gcc | 5.4.10 | 34.15 | 182.15 | 216.30 | OK | |
r-devel-linux-x86_64-fedora-clang | 5.4.10 | 367.95 | NOTE | |||
r-devel-linux-x86_64-fedora-gcc | 5.4.10 | 337.81 | OK | |||
r-devel-windows-x86_64 | 5.4.10 | 121.00 | 302.00 | 423.00 | NOTE | |
r-patched-linux-x86_64 | 5.4.10 | 41.40 | 234.55 | 275.95 | OK | |
r-release-linux-x86_64 | 5.4.10 | OK | ||||
r-release-macos-arm64 | 5.4.10 | 128.00 | NOTE | |||
r-release-macos-x86_64 | 5.4.10 | 155.00 | NOTE | |||
r-release-windows-x86_64 | 5.4.10 | 99.00 | 282.00 | 381.00 | NOTE | |
r-oldrel-macos-arm64 | 5.4.10 | 123.00 | NOTE | |||
r-oldrel-macos-x86_64 | 5.4.10 | 157.00 | NOTE | |||
r-oldrel-windows-ix86+x86_64 | 5.4.10 | 80.00 | 421.00 | 501.00 | NOTE |
Version: 5.4.10
Check: installed package size
Result: NOTE
installed size is 5.6Mb
sub-directories of 1Mb or more:
doc 2.9Mb
Flavors: r-devel-linux-x86_64-fedora-clang, r-devel-windows-x86_64, r-release-macos-arm64, r-release-macos-x86_64, r-release-windows-x86_64, r-oldrel-macos-arm64, r-oldrel-macos-x86_64, r-oldrel-windows-ix86+x86_64