CRAN Package Check Results for Package mcmcplots

Last updated on 2022-01-28 21:51:57 CET.

Flavor Version Tinstall Tcheck Ttotal Status Flags
r-devel-linux-x86_64-debian-clang 0.4.3 4.08 51.87 55.95 NOTE
r-devel-linux-x86_64-debian-gcc 0.4.3 3.17 40.27 43.44 NOTE
r-devel-linux-x86_64-fedora-clang 0.4.3 68.70 NOTE
r-devel-linux-x86_64-fedora-gcc 0.4.3 56.83 NOTE
r-devel-windows-x86_64-new-UL 0.4.3 57.00 77.00 134.00 NOTE
r-devel-windows-x86_64-new-TK 0.4.3 NOTE
r-patched-linux-x86_64 0.4.3 5.29 50.26 55.55 NOTE
r-release-linux-x86_64 0.4.3 2.81 50.19 53.00 NOTE
r-release-macos-arm64 0.4.3 NOTE
r-release-macos-x86_64 0.4.3 NOTE
r-release-windows-ix86+x86_64 0.4.3 8.00 66.00 74.00 NOTE
r-oldrel-macos-x86_64 0.4.3 OK
r-oldrel-windows-ix86+x86_64 0.4.3 8.00 67.00 75.00 OK

Check Details

Version: 0.4.3
Check: LazyData
Result: NOTE
     'LazyData' is specified without a 'data' directory
Flavors: r-devel-linux-x86_64-debian-clang, r-devel-linux-x86_64-debian-gcc, r-devel-linux-x86_64-fedora-clang, r-devel-linux-x86_64-fedora-gcc, r-devel-windows-x86_64-new-UL, r-devel-windows-x86_64-new-TK, r-patched-linux-x86_64, r-release-linux-x86_64, r-release-macos-arm64, r-release-macos-x86_64, r-release-windows-ix86+x86_64