CRAN Package Check Results for Package mdapack

Last updated on 2022-05-16 18:50:13 CEST.

Flavor Version Tinstall Tcheck Ttotal Status Flags
r-devel-linux-x86_64-debian-clang 0.0.2 2.11 46.35 48.46 NOTE
r-devel-linux-x86_64-debian-gcc 0.0.2 2.38 35.51 37.89 NOTE
r-devel-linux-x86_64-fedora-clang 0.0.2 58.80 NOTE
r-devel-linux-x86_64-fedora-gcc 0.0.2 59.06 NOTE
r-devel-windows-x86_64 0.0.2 18.00 74.00 92.00 NOTE
r-patched-linux-x86_64 0.0.2 3.00 44.28 47.28 NOTE
r-release-linux-x86_64 0.0.2 1.90 44.69 46.59 NOTE
r-release-macos-arm64 0.0.2 21.00 NOTE
r-release-macos-x86_64 0.0.2 33.00 NOTE
r-release-windows-x86_64 0.0.2 17.00 70.00 87.00 NOTE
r-oldrel-macos-arm64 0.0.2 24.00 NOTE
r-oldrel-macos-x86_64 0.0.2 32.00 NOTE
r-oldrel-windows-ix86+x86_64 0.0.2 10.00 59.00 69.00 NOTE

Check Details

Version: 0.0.2
Check: LazyData
Result: NOTE
     'LazyData' is specified without a 'data' directory
Flavors: r-devel-linux-x86_64-debian-clang, r-devel-linux-x86_64-debian-gcc, r-devel-linux-x86_64-fedora-clang, r-devel-linux-x86_64-fedora-gcc, r-devel-windows-x86_64, r-patched-linux-x86_64, r-release-linux-x86_64, r-release-macos-arm64, r-release-macos-x86_64, r-release-windows-x86_64, r-oldrel-macos-arm64, r-oldrel-macos-x86_64, r-oldrel-windows-ix86+x86_64

Version: 0.0.2
Check: dependencies in R code
Result: NOTE
    Namespaces in Imports field not imported from:
     ‘FactoMineR’ ‘covr’ ‘curl’ ‘devtools’ ‘gh’ ‘git2r’ ‘grDevices’ ‘httr’
     ‘knitr’ ‘openssl’ ‘pkgbuild’ ‘rlang’ ‘rmarkdown’ ‘roxygen2’
     ‘spelling’ ‘testthat’ ‘utils’
     All declared Imports should be used.
Flavors: r-devel-linux-x86_64-fedora-clang, r-devel-linux-x86_64-fedora-gcc, r-release-macos-arm64, r-release-macos-x86_64, r-oldrel-macos-arm64, r-oldrel-macos-x86_64