Last updated on 2022-05-17 14:51:28 CEST.
Flavor | Version | Tinstall | Tcheck | Ttotal | Status | Flags |
---|---|---|---|---|---|---|
r-devel-linux-x86_64-debian-clang | 0.1.5 | 145.72 | 101.54 | 247.26 | OK | |
r-devel-linux-x86_64-debian-gcc | 0.1.5 | 120.01 | 71.05 | 191.06 | OK | |
r-devel-linux-x86_64-fedora-clang | 0.1.5 | 368.23 | NOTE | |||
r-devel-linux-x86_64-fedora-gcc | 0.1.5 | 320.10 | OK | |||
r-devel-windows-x86_64 | 0.1.5 | 135.00 | 147.00 | 282.00 | OK | |
r-patched-linux-x86_64 | 0.1.5 | 129.98 | 96.01 | 225.99 | OK | |
r-release-linux-x86_64 | 0.1.5 | 120.06 | 96.15 | 216.21 | OK | |
r-release-macos-arm64 | 0.1.5 | 85.00 | NOTE | |||
r-release-macos-x86_64 | 0.1.5 | 125.00 | NOTE | |||
r-release-windows-x86_64 | 0.1.5 | 132.00 | 143.00 | 275.00 | OK | |
r-oldrel-macos-arm64 | 0.1.5 | 87.00 | NOTE | |||
r-oldrel-macos-x86_64 | 0.1.5 | 98.00 | NOTE | |||
r-oldrel-windows-ix86+x86_64 | 0.1.5 | 366.00 | 227.00 | 593.00 | OK |
Version: 0.1.5
Check: installed package size
Result: NOTE
installed size is 8.3Mb
sub-directories of 1Mb or more:
libs 7.9Mb
Flavors: r-devel-linux-x86_64-fedora-clang, r-release-macos-arm64, r-release-macos-x86_64, r-oldrel-macos-arm64, r-oldrel-macos-x86_64