CRAN Package Check Results for Package mdir.logrank

Last updated on 2022-05-20 02:53:00 CEST.

Flavor Version Tinstall Tcheck Ttotal Status Flags
r-devel-linux-x86_64-debian-clang 0.0.4 3.21 44.00 47.21 NOTE
r-devel-linux-x86_64-debian-gcc 0.0.4 2.54 33.16 35.70 NOTE
r-devel-linux-x86_64-fedora-clang 0.0.4 56.39 NOTE
r-devel-linux-x86_64-fedora-gcc 0.0.4 54.72 NOTE
r-devel-windows-x86_64 0.0.4 30.00 54.00 84.00 NOTE
r-patched-linux-x86_64 0.0.4 2.85 41.54 44.39 NOTE
r-release-linux-x86_64 0.0.4 2.63 41.54 44.17 NOTE
r-release-macos-arm64 0.0.4 17.00 NOTE
r-release-macos-x86_64 0.0.4 22.00 NOTE
r-release-windows-x86_64 0.0.4 24.00 59.00 83.00 NOTE
r-oldrel-macos-arm64 0.0.4 22.00 NOTE
r-oldrel-macos-x86_64 0.0.4 32.00 NOTE
r-oldrel-windows-ix86+x86_64 0.0.4 7.00 49.00 56.00 NOTE

Check Details

Version: 0.0.4
Check: package dependencies
Result: NOTE
    Package suggested but not available for checking: 'RGtk2'
Flavors: r-devel-linux-x86_64-debian-clang, r-devel-linux-x86_64-debian-gcc, r-devel-linux-x86_64-fedora-clang, r-devel-linux-x86_64-fedora-gcc, r-patched-linux-x86_64, r-release-linux-x86_64, r-release-macos-arm64, r-release-macos-x86_64, r-oldrel-macos-arm64

Version: 0.0.4
Check: LazyData
Result: NOTE
     'LazyData' is specified without a 'data' directory
Flavors: r-devel-linux-x86_64-debian-clang, r-devel-linux-x86_64-debian-gcc, r-devel-linux-x86_64-fedora-clang, r-devel-linux-x86_64-fedora-gcc, r-devel-windows-x86_64, r-patched-linux-x86_64, r-release-linux-x86_64, r-release-macos-arm64, r-release-macos-x86_64, r-release-windows-x86_64, r-oldrel-macos-arm64, r-oldrel-macos-x86_64, r-oldrel-windows-ix86+x86_64