CRAN Package Check Results for Package mdw

Last updated on 2022-05-28 18:51:18 CEST.

Flavor Version Tinstall Tcheck Ttotal Status Flags
r-devel-linux-x86_64-debian-clang 2020.6-17 7.46 83.24 90.70 NOTE
r-devel-linux-x86_64-debian-gcc 2020.6-17 6.39 64.56 70.95 NOTE
r-devel-linux-x86_64-fedora-clang 2020.6-17 118.90 NOTE
r-devel-linux-x86_64-fedora-gcc 2020.6-17 113.14 NOTE
r-devel-windows-x86_64 2020.6-17 16.00 96.00 112.00 NOTE
r-patched-linux-x86_64 2020.6-17 8.99 81.25 90.24 NOTE
r-release-linux-x86_64 2020.6-17 8.69 80.45 89.14 NOTE
r-release-macos-arm64 2020.6-17 32.00 NOTE
r-release-macos-x86_64 2020.6-17 46.00 NOTE
r-release-windows-x86_64 2020.6-17 16.00 98.00 114.00 NOTE
r-oldrel-macos-arm64 2020.6-17 38.00 NOTE
r-oldrel-macos-x86_64 2020.6-17 65.00 NOTE
r-oldrel-windows-ix86+x86_64 2020.6-17 17.00 97.00 114.00 NOTE

Check Details

Version: 2020.6-17
Check: LazyData
Result: NOTE
     'LazyData' is specified without a 'data' directory
Flavors: r-devel-linux-x86_64-debian-clang, r-devel-linux-x86_64-debian-gcc, r-devel-linux-x86_64-fedora-clang, r-devel-linux-x86_64-fedora-gcc, r-devel-windows-x86_64, r-patched-linux-x86_64, r-release-linux-x86_64, r-release-macos-arm64, r-release-macos-x86_64, r-release-windows-x86_64, r-oldrel-macos-arm64, r-oldrel-macos-x86_64, r-oldrel-windows-ix86+x86_64