CRAN Package Check Results for Package medfate

Last updated on 2022-05-25 02:52:23 CEST.

Flavor Version Tinstall Tcheck Ttotal Status Flags
r-devel-linux-x86_64-debian-clang 2.7.3 415.94 418.20 834.14 OK
r-devel-linux-x86_64-debian-gcc 2.7.3 360.83 312.03 672.86 OK
r-devel-linux-x86_64-fedora-clang 2.7.3 1109.80 NOTE
r-devel-linux-x86_64-fedora-gcc 2.7.3 1023.53 OK
r-devel-windows-x86_64 2.7.3 350.00 445.00 795.00 OK
r-patched-linux-x86_64 2.7.3 339.65 392.06 731.71 OK
r-release-linux-x86_64 2.7.3 OK
r-release-macos-arm64 2.7.3 220.00 NOTE
r-release-macos-x86_64 2.7.3 359.00 NOTE
r-release-windows-x86_64 2.7.3 297.00 457.00 754.00 OK
r-oldrel-macos-arm64 2.7.3 176.00 NOTE
r-oldrel-macos-x86_64 2.7.3 330.00 NOTE
r-oldrel-windows-ix86+x86_64 2.7.3 885.00 637.00 1522.00 NOTE

Check Details

Version: 2.7.3
Check: installed package size
Result: NOTE
     installed size is 22.9Mb
     sub-directories of 1Mb or more:
     libs 21.7Mb
Flavors: r-devel-linux-x86_64-fedora-clang, r-release-macos-arm64, r-release-macos-x86_64, r-oldrel-macos-arm64, r-oldrel-macos-x86_64, r-oldrel-windows-ix86+x86_64