CRAN Package Check Results for Package meerva

Last updated on 2022-01-28 23:00:41 CET.

Flavor Version Tinstall Tcheck Ttotal Status Flags
r-devel-linux-x86_64-debian-clang 0.2-2 4.52 58.13 62.65 OK
r-devel-linux-x86_64-debian-gcc 0.2-2 4.40 44.05 48.45 OK
r-devel-linux-x86_64-fedora-clang 0.2-2 74.79 NOTE
r-devel-linux-x86_64-fedora-gcc 0.2-2 64.58 NOTE
r-devel-windows-x86_64-new-UL 0.2-2 28.00 74.00 102.00 OK
r-devel-windows-x86_64-new-TK 0.2-2 NOTE
r-patched-linux-x86_64 0.2-2 5.85 53.40 59.25 OK
r-release-linux-x86_64 0.2-2 4.79 52.76 57.55 OK
r-release-macos-arm64 0.2-2 NOTE
r-release-macos-x86_64 0.2-2 NOTE
r-release-windows-ix86+x86_64 0.2-2 10.00 64.00 74.00 OK
r-oldrel-macos-x86_64 0.2-2 NOTE
r-oldrel-windows-ix86+x86_64 0.2-2 10.00 64.00 74.00 OK

Check Details

Version: 0.2-2
Check: dependencies in R code
Result: NOTE
    Namespace in Imports field not imported from: ‘dplyr’
     All declared Imports should be used.
Flavors: r-devel-linux-x86_64-fedora-clang, r-devel-linux-x86_64-fedora-gcc, r-devel-windows-x86_64-new-TK, r-release-macos-arm64, r-release-macos-x86_64, r-oldrel-macos-x86_64