CRAN Package Check Results for Package meifly

Last updated on 2022-05-21 19:51:46 CEST.

Flavor Version Tinstall Tcheck Ttotal Status Flags
r-devel-linux-x86_64-debian-clang 0.3 2.71 38.70 41.41 NOTE
r-devel-linux-x86_64-debian-gcc 0.3 2.22 29.92 32.14 NOTE
r-devel-linux-x86_64-fedora-clang 0.3.1 49.34 OK
r-devel-linux-x86_64-fedora-gcc 0.3.1 50.37 OK
r-devel-windows-x86_64 0.3.1 13.00 71.00 84.00 OK
r-patched-linux-x86_64 0.3 2.95 36.83 39.78 NOTE
r-release-linux-x86_64 0.3 2.45 37.76 40.21 NOTE
r-release-macos-arm64 0.3.1 18.00 OK
r-release-macos-x86_64 0.3 23.00 NOTE
r-release-windows-x86_64 0.3 11.00 55.00 66.00 NOTE
r-oldrel-macos-arm64 0.3.1 17.00 OK
r-oldrel-macos-x86_64 0.3 31.00 NOTE
r-oldrel-windows-ix86+x86_64 0.3 7.00 48.00 55.00 NOTE

Check Details

Version: 0.3
Check: R code for possible problems
Result: NOTE
    .df: no visible global function definition for 'logLik'
    coef_simple: no visible global function definition for 'coef'
    fitall: no visible binding for global variable 'as.formula'
    fitbest: no visible binding for global variable 'as.formula'
    lmboot: no visible global function definition for 'lm'
    residuals.ensemble : <anonymous>: no visible global function definition
     for 'resid'
    residuals.ensemble : <anonymous>: no visible global function definition
     for 'rstudent'
    residuals.ensemble : <anonymous>: no visible global function definition
     for 'fitted'
    residuals.ensemble : <anonymous>: no visible global function definition
     for 'influence.measures'
    stdcoef: no visible global function definition for 'coef'
    stdcoef: no visible global function definition for 'update'
    summary.ensemble : <anonymous>: no visible global function definition
     for 'logLik'
    summary.ensemble : <anonymous>: no visible global function definition
     for 'AIC'
    summary.ensemble : <anonymous>: no visible global function definition
     for 'fitted'
    summary.resid_ensemble: no visible binding for global variable
     'rstudent'
    summary.resid_ensemble: no visible global function definition for 'sd'
    summary.variable_ensemble: no visible global function definition for
     'sd'
    Undefined global functions or variables:
     AIC as.formula coef fitted influence.measures lm logLik resid
     rstudent sd update
    Consider adding
     importFrom("stats", "AIC", "as.formula", "coef", "fitted",
     "influence.measures", "lm", "logLik", "resid", "rstudent",
     "sd", "update")
    to your NAMESPACE file.
Flavors: r-devel-linux-x86_64-debian-clang, r-devel-linux-x86_64-debian-gcc, r-patched-linux-x86_64, r-release-linux-x86_64, r-release-macos-x86_64, r-release-windows-x86_64, r-oldrel-macos-x86_64, r-oldrel-windows-ix86+x86_64

Version: 0.3
Check: LazyData
Result: NOTE
     'LazyData' is specified without a 'data' directory
Flavors: r-devel-linux-x86_64-debian-clang, r-devel-linux-x86_64-debian-gcc, r-patched-linux-x86_64, r-release-linux-x86_64, r-release-macos-x86_64, r-release-windows-x86_64, r-oldrel-macos-x86_64, r-oldrel-windows-ix86+x86_64