CRAN Package Check Results for Package memofunc

Last updated on 2022-05-25 10:53:21 CEST.

Flavor Version Tinstall Tcheck Ttotal Status Flags
r-devel-linux-x86_64-debian-clang 1.0.2 1.98 36.87 38.85 NOTE
r-devel-linux-x86_64-debian-gcc 1.0.2 1.76 28.96 30.72 NOTE
r-devel-linux-x86_64-fedora-clang 1.0.2 48.35 NOTE
r-devel-linux-x86_64-fedora-gcc 1.0.2 36.60 NOTE
r-devel-windows-x86_64 1.0.2 34.00 64.00 98.00 NOTE
r-patched-linux-x86_64 1.0.2 2.42 36.40 38.82 NOTE
r-release-linux-x86_64 1.0.2 NOTE
r-release-macos-arm64 1.0.2 19.00 NOTE
r-release-macos-x86_64 1.0.2 26.00 NOTE
r-release-windows-x86_64 1.0.2 28.00 64.00 92.00 NOTE
r-oldrel-macos-arm64 1.0.2 22.00 NOTE
r-oldrel-macos-x86_64 1.0.2 33.00 NOTE
r-oldrel-windows-ix86+x86_64 1.0.2 7.00 52.00 59.00 NOTE

Check Details

Version: 1.0.2
Check: LazyData
Result: NOTE
     'LazyData' is specified without a 'data' directory
Flavors: r-devel-linux-x86_64-debian-clang, r-devel-linux-x86_64-debian-gcc, r-devel-linux-x86_64-fedora-clang, r-devel-linux-x86_64-fedora-gcc, r-devel-windows-x86_64, r-patched-linux-x86_64, r-release-linux-x86_64, r-release-macos-arm64, r-release-macos-x86_64, r-release-windows-x86_64, r-oldrel-macos-arm64, r-oldrel-macos-x86_64, r-oldrel-windows-ix86+x86_64